{"id":1149,"date":"2023-10-29T10:43:34","date_gmt":"2023-10-29T10:43:34","guid":{"rendered":"https:\/\/kornrasetnarkmun.com\/?page_id=1149"},"modified":"2024-01-31T22:31:57","modified_gmt":"2024-01-31T22:31:57","slug":"barockes-marienlob-aus-der-zeit-von-karl-zagitz-1802-1879-der-letzte-orchesterdirecktor-der-esterhazischen-schlosskapelle","status":"publish","type":"page","link":"https:\/\/kornrasetnarkmun.com\/index.php\/barockes-marienlob-aus-der-zeit-von-karl-zagitz-1802-1879-der-letzte-orchesterdirecktor-der-esterhazischen-schlosskapelle\/","title":{"rendered":"Barockes Marienlob aus der Zeit von Karl Zagitz (1802-1879) &#8211; Der letzte Orchesterdirektor der Esterh\u00e1zischen Schlosskapelle\u00a0"},"content":{"rendered":"<div class=\"wp-block-image\">\n<figure class=\"aligncenter size-large\"><img loading=\"lazy\" decoding=\"async\" width=\"724\" height=\"1024\" src=\"https:\/\/kornrasetnarkmun.com\/wp-content\/uploads\/2023\/11\/x2-1-724x1024.png\" alt=\"\" class=\"wp-image-1201\" srcset=\"https:\/\/kornrasetnarkmun.com\/wp-content\/uploads\/2023\/11\/x2-1-724x1024.png 724w, https:\/\/kornrasetnarkmun.com\/wp-content\/uploads\/2023\/11\/x2-1-212x300.png 212w, https:\/\/kornrasetnarkmun.com\/wp-content\/uploads\/2023\/11\/x2-1-768x1086.png 768w, https:\/\/kornrasetnarkmun.com\/wp-content\/uploads\/2023\/11\/x2-1-1086x1536.png 1086w, https:\/\/kornrasetnarkmun.com\/wp-content\/uploads\/2023\/11\/x2-1-1448x2048.png 1448w, https:\/\/kornrasetnarkmun.com\/wp-content\/uploads\/2023\/11\/x2-1-1568x2218.png 1568w\" sizes=\"auto, (max-width: 724px) 100vw, 724px\" \/><\/figure>\n<\/div>\n\n\n<p class=\"has-text-align-center has-primary-color has-text-color has-link-color wp-elements-15450b7c219c8087778480d5b9abdcb0\"><strong>Neuer Termin<\/strong>:<\/p>\n\n\n\n<p class=\"has-text-align-center has-primary-color has-text-color has-link-color has-huge-font-size wp-elements-1f3b6a23996e5097267e1e96217bf323\"><strong>Samstag, 23. M\u00e4rz 2024 Konzertbeginn: 17:00 Uhr<\/strong><\/p>\n\n\n\n<p class=\"has-text-align-center\">Ort:<br>Taborkirche, 8160 Weiz<\/p>\n\n\n\n<p class=\"has-text-align-center\"><strong>Besetzung:<\/strong><\/p>\n\n\n\n<p class=\"has-text-align-center\">Jonas Ensemble &#8211; Elisabeth Stemberg, Richard Tamas, Hiu Ching Li, Jerry Chun Lik Lam, Raphael P\u00e4tzold und Kornraset Narkmun u. a.<\/p>\n\n\n\n<p class=\"has-text-align-center has-small-font-size\">W\u00e4hrend meiner Recherchearbeit habe ich ein Konvolut im Eisenst\u00e4dter Dom entdeckt, das Generalbass-Aussetzungen von Litaneien und Marien-Ges\u00e4ngen von Gregor Joseph Werner und Johann Joseph Fux enth\u00e4lt. Es hat sich herausgestellt, dass dieses von Karl Zagitz verfasst wurde.<\/p>\n\n\n\n<p class=\"has-text-align-center has-small-font-size\">1826 wurde er unter Kapellmeister Joseph Fuchs als Violinist eingestellt. 1840 trat er die Stelle als Organist unter Karl Thomas an, und 1858 \u00fcbernahm er die Position des Orchesterdirektors der Schlosskapelle im Schloss Esterh\u00e1zy bis zur Aufl\u00f6sung am 31. Dezember 1877.<\/p>\n\n\n\n<p class=\"has-text-align-center has-small-font-size\">Aus seinem Oeuvre sind unter anderem zwei Messen, Variationen f\u00fcr Klavier, ein Streichquartett und zahlreiche liturgische Werke erhalten.<\/p>\n\n\n\n<p class=\"has-text-align-center has-small-font-size\">Das Konzert fokussiert sich auf Werke mit seinen gut erhaltenen Generalbass-Aussetzungen von liturgischen Kompositionen und Instrumentalmusik von Gregor Joseph Werner, Johann Joseph Fux, Franz Nikolaus Novotny u. A. Es wird in historischer Besetzung am urspr\u00fcnglichen Ort, dem Eisenst\u00e4dter Dom St. Martin, mit historischen Tasteninstrumenten und in authentischer Akustik pr\u00e4sentiert.<\/p>\n\n\n\n<figure class=\"wp-block-embed aligncenter is-type-video is-provider-youtube wp-block-embed-youtube wp-embed-aspect-16-9 wp-has-aspect-ratio\"><div class=\"wp-block-embed__wrapper\">\n<iframe loading=\"lazy\" title=\"Karl Zagitz (1802-1879) \u2013 Der letzte Orchesterdirektor der Esterh\u00e1zischen Schlosskapelle\" width=\"640\" height=\"360\" src=\"https:\/\/www.youtube.com\/embed\/XZhKyAplxKQ?feature=oembed\" frameborder=\"0\" allow=\"accelerometer; autoplay; clipboard-write; encrypted-media; gyroscope; picture-in-picture; web-share\" referrerpolicy=\"strict-origin-when-cross-origin\" allowfullscreen><\/iframe>\n<\/div><\/figure>\n\n\n\n<p class=\"has-text-align-center has-huge-font-size\"><a href=\"https:\/\/kornrasetnarkmun.com\/index.php\/programm-zagitz-2023\/\"><strong>Programm<\/strong><\/a><\/p>\n\n\n\n<p class=\"has-text-align-center\"><\/p>\n\n\n\n<p><\/p>\n\n\n\n<p class=\"has-text-align-center\"><strong>Donnerstag, 16. November 2023 Konzertbeginn: 18:30 Uhr<\/strong><\/p>\n\n\n\n<p class=\"has-text-align-center\">moderiert von Sg. Karin Lorenz<\/p>\n\n\n\n<p class=\"has-text-align-center\">Ort:<br>Marienkirche der schmerzhaften Mutter, Graz<\/p>\n\n\n\n<p class=\"has-text-align-center\"><strong>Sonntag, den 19. November 2023 Konzertbeginn: 16:00 Uhr <\/strong><\/p>\n\n\n\n<p class=\"has-text-align-center\">moderiert von Dr. Martin Czernin<\/p>\n\n\n\n<p class=\"has-text-align-center\">Jonas Ensemble &#8211; Elisabeth Stemberg, Ana Vidmar, Richard Tamas, David McShane, Hiu Ching Li, Jerry Chun Lik Lam, Raphael P\u00e4tzold und Kornraset Narkmun<\/p>\n\n\n\n<p class=\"has-text-align-center\"> Gottesdienst: 18:00 Uhr<\/p>\n\n\n\n<p class=\"has-text-align-center\">Ort:<br>Dom St. Martin, Eisenstadt<\/p>\n\n\n\n<figure class=\"wp-block-embed aligncenter is-type-rich is-provider-soundcloud wp-block-embed-soundcloud\"><div class=\"wp-block-embed__wrapper\">\n<iframe loading=\"lazy\" title=\"Johann Nepomuk Fuchs: Ave Regina F-Dur, A-Ed I 22 by Kong Radio\" width=\"640\" height=\"400\" scrolling=\"no\" frameborder=\"no\" src=\"https:\/\/w.soundcloud.com\/player\/?visual=true&#038;url=https%3A%2F%2Fapi.soundcloud.com%2Ftracks%2F1667978106&#038;show_artwork=true&#038;maxheight=960&#038;maxwidth=640\"><\/iframe>\n<\/div><\/figure>\n\n\n\n<p class=\"has-text-align-center has-small-font-size\">Tonbeispiel: Regina C\u00e6li B-Dur, H-Bn Ms. Mus. III 191 <\/p>\n\n\n\n<p class=\"has-text-align-center has-small-font-size\">Elisabeth Stemberg &#8211; Sopran<\/p>\n\n\n\n<figure class=\"wp-block-embed aligncenter is-type-rich is-provider-soundcloud wp-block-embed-soundcloud\"><div class=\"wp-block-embed__wrapper\">\n<iframe loading=\"lazy\" title=\"Gregor Joseph Werner: Regina Caeli by Kong Radio\" width=\"640\" height=\"400\" scrolling=\"no\" frameborder=\"no\" src=\"https:\/\/w.soundcloud.com\/player\/?visual=true&#038;url=https%3A%2F%2Fapi.soundcloud.com%2Ftracks%2F1615659591&#038;show_artwork=true&#038;maxheight=960&#038;maxwidth=640\"><\/iframe>\n<\/div><\/figure>\n\n\n\n<figure class=\"wp-block-embed aligncenter is-type-rich is-provider-soundcloud wp-block-embed-soundcloud\"><div class=\"wp-block-embed__wrapper\">\n<iframe loading=\"lazy\" title=\"Werner: Regina Caeli H-Bn Ms. Mus. III 191 Stemberg by Kong Radio\" width=\"640\" height=\"400\" scrolling=\"no\" frameborder=\"no\" src=\"https:\/\/w.soundcloud.com\/player\/?visual=true&#038;url=https%3A%2F%2Fapi.soundcloud.com%2Ftracks%2F1667998398&#038;show_artwork=true&#038;maxheight=960&#038;maxwidth=640\"><\/iframe>\n<\/div><\/figure>\n\n\n\n<p class=\"has-text-align-center\">Abendkasse: 15\u20ac<\/p>\n\n\n\n<p>Mit freundlicher Unterst\u00fctzung von Land Burgenland, Musiksammlung &#8211; Landesmuseum Burgenland, Pfarre Graz-Schmerzhafter Mutter und Stadt Graz<\/p>\n\n\n\n<p class=\"has-text-align-right has-small-font-size\"><a href=\"https:\/\/kornrasetnarkmun.com\/index.php\/zagitz-2024-endbericht\/\">Endbericht<\/a><\/p>\n","protected":false},"excerpt":{"rendered":"<p>Neuer Termin: Samstag, 23. M\u00e4rz 2024 Konzertbeginn: 17:00 Uhr Ort:Taborkirche, 8160 Weiz Besetzung: Jonas Ensemble &#8211; Elisabeth Stemberg, Richard Tamas, Hiu Ching Li, Jerry Chun Lik Lam, Raphael P\u00e4tzold und Kornraset Narkmun u. a. W\u00e4hrend meiner Recherchearbeit habe ich ein Konvolut im Eisenst\u00e4dter Dom entdeckt, das Generalbass-Aussetzungen von Litaneien und Marien-Ges\u00e4ngen von Gregor Joseph Werner [&hellip;]<\/p>\n","protected":false},"author":1,"featured_media":0,"parent":0,"menu_order":0,"comment_status":"closed","ping_status":"closed","template":"","meta":{"_monsterinsights_skip_tracking":false,"_monsterinsights_sitenote_active":false,"_monsterinsights_sitenote_note":"","_monsterinsights_sitenote_category":0,"footnotes":""},"class_list":["post-1149","page","type-page","status-publish","hentry","entry"],"aioseo_notices":[],"yoast_head":"<!-- This site is optimized with the Yoast SEO plugin v22.6 - https:\/\/yoast.com\/wordpress\/plugins\/seo\/ -->\n<title>Barockes Marienlob aus der Zeit von Karl Zagitz (1802-1879) - Der letzte Orchesterdirektor der Esterh\u00e1zischen Schlosskapelle\u00a0 - Kornraset Narkmun<\/title>\n<meta name=\"robots\" content=\"index, follow, max-snippet:-1, max-image-preview:large, max-video-preview:-1\" \/>\n<link rel=\"canonical\" href=\"https:\/\/kornrasetnarkmun.com\/index.php\/barockes-marienlob-aus-der-zeit-von-karl-zagitz-1802-1879-der-letzte-orchesterdirecktor-der-esterhazischen-schlosskapelle\/\" \/>\n<meta property=\"og:locale\" content=\"en_US\" \/>\n<meta property=\"og:type\" content=\"article\" \/>\n<meta property=\"og:title\" content=\"Barockes Marienlob aus der Zeit von Karl Zagitz (1802-1879) - Der letzte Orchesterdirektor der Esterh\u00e1zischen Schlosskapelle\u00a0 - Kornraset Narkmun\" \/>\n<meta property=\"og:description\" content=\"Neuer Termin: Samstag, 23. M\u00e4rz 2024 Konzertbeginn: 17:00 Uhr Ort:Taborkirche, 8160 Weiz Besetzung: Jonas Ensemble &#8211; Elisabeth Stemberg, Richard Tamas, Hiu Ching Li, Jerry Chun Lik Lam, Raphael P\u00e4tzold und Kornraset Narkmun u. a. W\u00e4hrend meiner Recherchearbeit habe ich ein Konvolut im Eisenst\u00e4dter Dom entdeckt, das Generalbass-Aussetzungen von Litaneien und Marien-Ges\u00e4ngen von Gregor Joseph Werner [&hellip;]\" \/>\n<meta property=\"og:url\" content=\"https:\/\/kornrasetnarkmun.com\/index.php\/barockes-marienlob-aus-der-zeit-von-karl-zagitz-1802-1879-der-letzte-orchesterdirecktor-der-esterhazischen-schlosskapelle\/\" \/>\n<meta property=\"og:site_name\" content=\"Kornraset Narkmun\" \/>\n<meta property=\"article:publisher\" content=\"https:\/\/www.facebook.com\/kornraset\/\" \/>\n<meta property=\"article:modified_time\" content=\"2024-01-31T22:31:57+00:00\" \/>\n<meta property=\"og:image\" content=\"https:\/\/kornrasetnarkmun.com\/wp-content\/uploads\/2023\/11\/x2-1-724x1024.png\" \/>\n<meta name=\"twitter:card\" content=\"summary_large_image\" \/>\n<meta name=\"twitter:label1\" content=\"Est. reading time\" \/>\n\t<meta name=\"twitter:data1\" content=\"2 minutes\" \/>\n<script type=\"application\/ld+json\" class=\"yoast-schema-graph\">{\"@context\":\"https:\/\/schema.org\",\"@graph\":[{\"@type\":\"WebPage\",\"@id\":\"https:\/\/kornrasetnarkmun.com\/index.php\/barockes-marienlob-aus-der-zeit-von-karl-zagitz-1802-1879-der-letzte-orchesterdirecktor-der-esterhazischen-schlosskapelle\/\",\"url\":\"https:\/\/kornrasetnarkmun.com\/index.php\/barockes-marienlob-aus-der-zeit-von-karl-zagitz-1802-1879-der-letzte-orchesterdirecktor-der-esterhazischen-schlosskapelle\/\",\"name\":\"Barockes Marienlob aus der Zeit von Karl Zagitz (1802-1879) - Der letzte Orchesterdirektor der Esterh\u00e1zischen Schlosskapelle\u00a0 - Kornraset Narkmun\",\"isPartOf\":{\"@id\":\"https:\/\/kornrasetnarkmun.com\/#website\"},\"primaryImageOfPage\":{\"@id\":\"https:\/\/kornrasetnarkmun.com\/index.php\/barockes-marienlob-aus-der-zeit-von-karl-zagitz-1802-1879-der-letzte-orchesterdirecktor-der-esterhazischen-schlosskapelle\/#primaryimage\"},\"image\":{\"@id\":\"https:\/\/kornrasetnarkmun.com\/index.php\/barockes-marienlob-aus-der-zeit-von-karl-zagitz-1802-1879-der-letzte-orchesterdirecktor-der-esterhazischen-schlosskapelle\/#primaryimage\"},\"thumbnailUrl\":\"https:\/\/kornrasetnarkmun.com\/wp-content\/uploads\/2023\/11\/x2-1-724x1024.png\",\"datePublished\":\"2023-10-29T10:43:34+00:00\",\"dateModified\":\"2024-01-31T22:31:57+00:00\",\"breadcrumb\":{\"@id\":\"https:\/\/kornrasetnarkmun.com\/index.php\/barockes-marienlob-aus-der-zeit-von-karl-zagitz-1802-1879-der-letzte-orchesterdirecktor-der-esterhazischen-schlosskapelle\/#breadcrumb\"},\"inLanguage\":\"en-US\",\"potentialAction\":[{\"@type\":\"ReadAction\",\"target\":[\"https:\/\/kornrasetnarkmun.com\/index.php\/barockes-marienlob-aus-der-zeit-von-karl-zagitz-1802-1879-der-letzte-orchesterdirecktor-der-esterhazischen-schlosskapelle\/\"]}]},{\"@type\":\"ImageObject\",\"inLanguage\":\"en-US\",\"@id\":\"https:\/\/kornrasetnarkmun.com\/index.php\/barockes-marienlob-aus-der-zeit-von-karl-zagitz-1802-1879-der-letzte-orchesterdirecktor-der-esterhazischen-schlosskapelle\/#primaryimage\",\"url\":\"https:\/\/kornrasetnarkmun.com\/wp-content\/uploads\/2023\/11\/x2-1.png\",\"contentUrl\":\"https:\/\/kornrasetnarkmun.com\/wp-content\/uploads\/2023\/11\/x2-1.png\",\"width\":2513,\"height\":3555},{\"@type\":\"BreadcrumbList\",\"@id\":\"https:\/\/kornrasetnarkmun.com\/index.php\/barockes-marienlob-aus-der-zeit-von-karl-zagitz-1802-1879-der-letzte-orchesterdirecktor-der-esterhazischen-schlosskapelle\/#breadcrumb\",\"itemListElement\":[{\"@type\":\"ListItem\",\"position\":1,\"name\":\"Home\",\"item\":\"https:\/\/kornrasetnarkmun.com\/\"},{\"@type\":\"ListItem\",\"position\":2,\"name\":\"Barockes Marienlob aus der Zeit von Karl Zagitz (1802-1879) &#8211; Der letzte Orchesterdirektor der Esterh\u00e1zischen Schlosskapelle\u00a0\"}]},{\"@type\":\"WebSite\",\"@id\":\"https:\/\/kornrasetnarkmun.com\/#website\",\"url\":\"https:\/\/kornrasetnarkmun.com\/\",\"name\":\"Kornraset Narkmun\",\"description\":\"Jonas Ensemble\",\"publisher\":{\"@id\":\"https:\/\/kornrasetnarkmun.com\/#organization\"},\"potentialAction\":[{\"@type\":\"SearchAction\",\"target\":{\"@type\":\"EntryPoint\",\"urlTemplate\":\"https:\/\/kornrasetnarkmun.com\/?s={search_term_string}\"},\"query-input\":\"required name=search_term_string\"}],\"inLanguage\":\"en-US\"},{\"@type\":\"Organization\",\"@id\":\"https:\/\/kornrasetnarkmun.com\/#organization\",\"name\":\"Ensemble der schmerzhaften Mutter\",\"url\":\"https:\/\/kornrasetnarkmun.com\/\",\"logo\":{\"@type\":\"ImageObject\",\"inLanguage\":\"en-US\",\"@id\":\"https:\/\/kornrasetnarkmun.com\/#\/schema\/logo\/image\/\",\"url\":\"https:\/\/kornrasetnarkmun.com\/wp-content\/uploads\/2022\/02\/Kornraset-Narkmun-1-1024x683.jpg\",\"contentUrl\":\"https:\/\/kornrasetnarkmun.com\/wp-content\/uploads\/2022\/02\/Kornraset-Narkmun-1-1024x683.jpg\",\"width\":1024,\"height\":683,\"caption\":\"Ensemble der schmerzhaften Mutter\"},\"image\":{\"@id\":\"https:\/\/kornrasetnarkmun.com\/#\/schema\/logo\/image\/\"},\"sameAs\":[\"https:\/\/www.facebook.com\/kornraset\/\",\"https:\/\/www.instagram.com\/pian_oman\/\"]}]}<\/script>\n<!-- \/ Yoast SEO plugin. -->","yoast_head_json":{"title":"Barockes Marienlob aus der Zeit von Karl Zagitz (1802-1879) - Der letzte Orchesterdirektor der Esterh\u00e1zischen Schlosskapelle\u00a0 - Kornraset Narkmun","robots":{"index":"index","follow":"follow","max-snippet":"max-snippet:-1","max-image-preview":"max-image-preview:large","max-video-preview":"max-video-preview:-1"},"canonical":"https:\/\/kornrasetnarkmun.com\/index.php\/barockes-marienlob-aus-der-zeit-von-karl-zagitz-1802-1879-der-letzte-orchesterdirecktor-der-esterhazischen-schlosskapelle\/","og_locale":"en_US","og_type":"article","og_title":"Barockes Marienlob aus der Zeit von Karl Zagitz (1802-1879) - Der letzte Orchesterdirektor der Esterh\u00e1zischen Schlosskapelle\u00a0 - Kornraset Narkmun","og_description":"Neuer Termin: Samstag, 23. M\u00e4rz 2024 Konzertbeginn: 17:00 Uhr Ort:Taborkirche, 8160 Weiz Besetzung: Jonas Ensemble &#8211; Elisabeth Stemberg, Richard Tamas, Hiu Ching Li, Jerry Chun Lik Lam, Raphael P\u00e4tzold und Kornraset Narkmun u. a. W\u00e4hrend meiner Recherchearbeit habe ich ein Konvolut im Eisenst\u00e4dter Dom entdeckt, das Generalbass-Aussetzungen von Litaneien und Marien-Ges\u00e4ngen von Gregor Joseph Werner [&hellip;]","og_url":"https:\/\/kornrasetnarkmun.com\/index.php\/barockes-marienlob-aus-der-zeit-von-karl-zagitz-1802-1879-der-letzte-orchesterdirecktor-der-esterhazischen-schlosskapelle\/","og_site_name":"Kornraset Narkmun","article_publisher":"https:\/\/www.facebook.com\/kornraset\/","article_modified_time":"2024-01-31T22:31:57+00:00","og_image":[{"url":"https:\/\/kornrasetnarkmun.com\/wp-content\/uploads\/2023\/11\/x2-1-724x1024.png"}],"twitter_card":"summary_large_image","twitter_misc":{"Est. reading time":"2 minutes"},"schema":{"@context":"https:\/\/schema.org","@graph":[{"@type":"WebPage","@id":"https:\/\/kornrasetnarkmun.com\/index.php\/barockes-marienlob-aus-der-zeit-von-karl-zagitz-1802-1879-der-letzte-orchesterdirecktor-der-esterhazischen-schlosskapelle\/","url":"https:\/\/kornrasetnarkmun.com\/index.php\/barockes-marienlob-aus-der-zeit-von-karl-zagitz-1802-1879-der-letzte-orchesterdirecktor-der-esterhazischen-schlosskapelle\/","name":"Barockes Marienlob aus der Zeit von Karl Zagitz (1802-1879) - Der letzte Orchesterdirektor der Esterh\u00e1zischen Schlosskapelle\u00a0 - Kornraset Narkmun","isPartOf":{"@id":"https:\/\/kornrasetnarkmun.com\/#website"},"primaryImageOfPage":{"@id":"https:\/\/kornrasetnarkmun.com\/index.php\/barockes-marienlob-aus-der-zeit-von-karl-zagitz-1802-1879-der-letzte-orchesterdirecktor-der-esterhazischen-schlosskapelle\/#primaryimage"},"image":{"@id":"https:\/\/kornrasetnarkmun.com\/index.php\/barockes-marienlob-aus-der-zeit-von-karl-zagitz-1802-1879-der-letzte-orchesterdirecktor-der-esterhazischen-schlosskapelle\/#primaryimage"},"thumbnailUrl":"https:\/\/kornrasetnarkmun.com\/wp-content\/uploads\/2023\/11\/x2-1-724x1024.png","datePublished":"2023-10-29T10:43:34+00:00","dateModified":"2024-01-31T22:31:57+00:00","breadcrumb":{"@id":"https:\/\/kornrasetnarkmun.com\/index.php\/barockes-marienlob-aus-der-zeit-von-karl-zagitz-1802-1879-der-letzte-orchesterdirecktor-der-esterhazischen-schlosskapelle\/#breadcrumb"},"inLanguage":"en-US","potentialAction":[{"@type":"ReadAction","target":["https:\/\/kornrasetnarkmun.com\/index.php\/barockes-marienlob-aus-der-zeit-von-karl-zagitz-1802-1879-der-letzte-orchesterdirecktor-der-esterhazischen-schlosskapelle\/"]}]},{"@type":"ImageObject","inLanguage":"en-US","@id":"https:\/\/kornrasetnarkmun.com\/index.php\/barockes-marienlob-aus-der-zeit-von-karl-zagitz-1802-1879-der-letzte-orchesterdirecktor-der-esterhazischen-schlosskapelle\/#primaryimage","url":"https:\/\/kornrasetnarkmun.com\/wp-content\/uploads\/2023\/11\/x2-1.png","contentUrl":"https:\/\/kornrasetnarkmun.com\/wp-content\/uploads\/2023\/11\/x2-1.png","width":2513,"height":3555},{"@type":"BreadcrumbList","@id":"https:\/\/kornrasetnarkmun.com\/index.php\/barockes-marienlob-aus-der-zeit-von-karl-zagitz-1802-1879-der-letzte-orchesterdirecktor-der-esterhazischen-schlosskapelle\/#breadcrumb","itemListElement":[{"@type":"ListItem","position":1,"name":"Home","item":"https:\/\/kornrasetnarkmun.com\/"},{"@type":"ListItem","position":2,"name":"Barockes Marienlob aus der Zeit von Karl Zagitz (1802-1879) &#8211; Der letzte Orchesterdirektor der Esterh\u00e1zischen Schlosskapelle\u00a0"}]},{"@type":"WebSite","@id":"https:\/\/kornrasetnarkmun.com\/#website","url":"https:\/\/kornrasetnarkmun.com\/","name":"Kornraset Narkmun","description":"Jonas Ensemble","publisher":{"@id":"https:\/\/kornrasetnarkmun.com\/#organization"},"potentialAction":[{"@type":"SearchAction","target":{"@type":"EntryPoint","urlTemplate":"https:\/\/kornrasetnarkmun.com\/?s={search_term_string}"},"query-input":"required name=search_term_string"}],"inLanguage":"en-US"},{"@type":"Organization","@id":"https:\/\/kornrasetnarkmun.com\/#organization","name":"Ensemble der schmerzhaften Mutter","url":"https:\/\/kornrasetnarkmun.com\/","logo":{"@type":"ImageObject","inLanguage":"en-US","@id":"https:\/\/kornrasetnarkmun.com\/#\/schema\/logo\/image\/","url":"https:\/\/kornrasetnarkmun.com\/wp-content\/uploads\/2022\/02\/Kornraset-Narkmun-1-1024x683.jpg","contentUrl":"https:\/\/kornrasetnarkmun.com\/wp-content\/uploads\/2022\/02\/Kornraset-Narkmun-1-1024x683.jpg","width":1024,"height":683,"caption":"Ensemble der schmerzhaften Mutter"},"image":{"@id":"https:\/\/kornrasetnarkmun.com\/#\/schema\/logo\/image\/"},"sameAs":["https:\/\/www.facebook.com\/kornraset\/","https:\/\/www.instagram.com\/pian_oman\/"]}]}},"_links":{"self":[{"href":"https:\/\/kornrasetnarkmun.com\/index.php\/wp-json\/wp\/v2\/pages\/1149","targetHints":{"allow":["GET"]}}],"collection":[{"href":"https:\/\/kornrasetnarkmun.com\/index.php\/wp-json\/wp\/v2\/pages"}],"about":[{"href":"https:\/\/kornrasetnarkmun.com\/index.php\/wp-json\/wp\/v2\/types\/page"}],"author":[{"embeddable":true,"href":"https:\/\/kornrasetnarkmun.com\/index.php\/wp-json\/wp\/v2\/users\/1"}],"replies":[{"embeddable":true,"href":"https:\/\/kornrasetnarkmun.com\/index.php\/wp-json\/wp\/v2\/comments?post=1149"}],"version-history":[{"count":27,"href":"https:\/\/kornrasetnarkmun.com\/index.php\/wp-json\/wp\/v2\/pages\/1149\/revisions"}],"predecessor-version":[{"id":1368,"href":"https:\/\/kornrasetnarkmun.com\/index.php\/wp-json\/wp\/v2\/pages\/1149\/revisions\/1368"}],"wp:attachment":[{"href":"https:\/\/kornrasetnarkmun.com\/index.php\/wp-json\/wp\/v2\/media?parent=1149"}],"curies":[{"name":"wp","href":"https:\/\/api.w.org\/{rel}","templated":true}]}}