{"id":1510,"date":"2024-06-15T21:17:00","date_gmt":"2024-06-15T21:17:00","guid":{"rendered":"https:\/\/kornrasetnarkmun.com\/?page_id=1510"},"modified":"2024-07-16T18:10:19","modified_gmt":"2024-07-16T18:10:19","slug":"concordia-familiae-musicae-2024","status":"publish","type":"page","link":"https:\/\/kornrasetnarkmun.com\/index.php\/concordia-familiae-musicae-2024\/","title":{"rendered":"Concordia Familiae Musicae 2024"},"content":{"rendered":"<div class=\"wp-block-image\">\n<figure class=\"aligncenter size-large\"><img loading=\"lazy\" decoding=\"async\" width=\"724\" height=\"1024\" src=\"https:\/\/kornrasetnarkmun.com\/wp-content\/uploads\/2024\/06\/Flotenkonzert-mit-Logos-1-724x1024.png\" alt=\"\" class=\"wp-image-1527\" srcset=\"https:\/\/kornrasetnarkmun.com\/wp-content\/uploads\/2024\/06\/Flotenkonzert-mit-Logos-1-724x1024.png 724w, https:\/\/kornrasetnarkmun.com\/wp-content\/uploads\/2024\/06\/Flotenkonzert-mit-Logos-1-212x300.png 212w, https:\/\/kornrasetnarkmun.com\/wp-content\/uploads\/2024\/06\/Flotenkonzert-mit-Logos-1-768x1086.png 768w, https:\/\/kornrasetnarkmun.com\/wp-content\/uploads\/2024\/06\/Flotenkonzert-mit-Logos-1-1086x1536.png 1086w, https:\/\/kornrasetnarkmun.com\/wp-content\/uploads\/2024\/06\/Flotenkonzert-mit-Logos-1-1448x2048.png 1448w, https:\/\/kornrasetnarkmun.com\/wp-content\/uploads\/2024\/06\/Flotenkonzert-mit-Logos-1-1568x2218.png 1568w\" sizes=\"auto, (max-width: 724px) 100vw, 724px\" \/><\/figure>\n<\/div>\n\n\n<p class=\"has-text-align-center has-large-font-size\"><a href=\"http:\/\/kornrasetnarkmun.com\/wp-content\/uploads\/2024\/07\/Programmheft-KU-2024.pdf\">Programme as PDF to download<\/a><\/p>\n\n\n\n<p class=\"has-text-align-center has-large-font-size\"><a href=\"https:\/\/kornrasetnarkmun.com\/index.php\/biographies-concordia-familiae-musicae-2024\/\">Biographies<\/a><\/p>\n\n\n\n<p class=\"has-text-align-center has-huge-font-size\">Programme<\/p>\n\n\n\n<p class=\"has-text-align-right has-small-font-size\">Johann Sebastian Bach<\/p>\n\n\n\n<p class=\"has-text-align-right has-small-font-size\">(1785-1750)<\/p>\n\n\n\n<p class=\"has-small-font-size\"><strong>Sonate in e-Moll f\u00fcr Fl\u00f6te und Basso Continuo, BWV 1034<\/strong><\/p>\n\n\n\n<p class=\"has-small-font-size\">I. Adagio ma non tanto<\/p>\n\n\n\n<p class=\"has-small-font-size\">II. Allegro<\/p>\n\n\n\n<p class=\"has-small-font-size\">III. Andante<\/p>\n\n\n\n<p class=\"has-small-font-size\">IV. Allegro<\/p>\n\n\n\n<p class=\"has-small-font-size\"><strong>Sonate in E-Dur f\u00fcr Fl\u00f6te und Basso continuo, BWV 1035<\/strong><\/p>\n\n\n\n<p class=\"has-small-font-size\">I. Adagio ma non tanto<\/p>\n\n\n\n<p class=\"has-small-font-size\">II. Allegro<\/p>\n\n\n\n<p class=\"has-small-font-size\">III. Siciliano<\/p>\n\n\n\n<p class=\"has-small-font-size\">IV. Allegro assai<\/p>\n\n\n\n<p class=\"has-small-font-size\"><strong>Sonate in G-Dur f\u00fcr zwei Fl\u00f6ten und Basso continuo, BWV 1039<\/strong><\/p>\n\n\n\n<p class=\"has-small-font-size\">I. Adagio<\/p>\n\n\n\n<p class=\"has-small-font-size\">II. Allegro ma non presto<\/p>\n\n\n\n<p class=\"has-small-font-size\">III. Adagio e piano<\/p>\n\n\n\n<p class=\"has-small-font-size\">IV. Presto<\/p>\n\n\n\n<p class=\"has-text-align-right has-small-font-size\">Carl Philipp Emanuel Bach<\/p>\n\n\n\n<p class=\"has-text-align-right has-small-font-size\">(1714-1788)<\/p>\n\n\n\n<p class=\"has-small-font-size\"><strong>Sonate in C-Dur f\u00fcr Viola da gamba und Basso continuo, Wq 136<\/strong><\/p>\n\n\n\n<p class=\"has-small-font-size\">I. Andante<\/p>\n\n\n\n<p class=\"has-small-font-size\">II. Allegretto<\/p>\n\n\n\n<p class=\"has-small-font-size\"><strong>Sonate in G-Dur f\u00fcr Fl\u00f6te und Basso continuo, Wq 133 (Hamburger Sonate)<\/strong><\/p>\n\n\n\n<p class=\"has-small-font-size\">I. Allegretto<\/p>\n\n\n\n<p class=\"has-small-font-size\">II. Rondo: Presto<\/p>\n\n\n\n<p><\/p>\n\n\n\n<p class=\"has-text-align-center has-small-font-size\">The Josephine Reforms never reached Prussia. The Gregorian chants were still being blessed in the newly acquired Silesia, or at least in Heinrichnau. But there is one apparent problem: there is no more money left in the church. The <em>virtue<\/em> must find another place to flourish. Meanwhile, Frederick the Great has won yet another war, which Carl Philipp came along knocking at his door.<\/p>\n\n\n\n<p class=\"has-text-align-center has-small-font-size\">Die Josephinischen Reformen haben Preu\u00dfen nie erreicht. Im neu erworbenen Schlesien wurde weiterhin gregorianischer Gesang besungen bzw. gesegnet, zumindest in Heinrichnau. Aber eines ist klar: Es gibt schlicht kein <em>Geld<\/em> mehr in der Kirche. Die Tugend muss dann anderswo hinfliegen. Der gro\u00dfe Friedrich hat schon wieder einen Krieg gewonnen, ach ja, dort flie\u00dft schon wieder das Geld.<\/p>\n","protected":false},"excerpt":{"rendered":"<p>Programme as PDF to download Biographies Programme Johann Sebastian Bach (1785-1750) Sonate in e-Moll f\u00fcr Fl\u00f6te und Basso Continuo, BWV 1034 I. Adagio ma non tanto II. Allegro III. Andante IV. Allegro Sonate in E-Dur f\u00fcr Fl\u00f6te und Basso continuo, BWV 1035 I. Adagio ma non tanto II. Allegro III. Siciliano IV. Allegro assai Sonate [&hellip;]<\/p>\n","protected":false},"author":1,"featured_media":0,"parent":0,"menu_order":0,"comment_status":"closed","ping_status":"closed","template":"","meta":{"_monsterinsights_skip_tracking":false,"_monsterinsights_sitenote_active":false,"_monsterinsights_sitenote_note":"","_monsterinsights_sitenote_category":0,"footnotes":""},"class_list":["post-1510","page","type-page","status-publish","hentry","entry"],"aioseo_notices":[],"yoast_head":"<!-- This site is optimized with the Yoast SEO plugin v22.6 - https:\/\/yoast.com\/wordpress\/plugins\/seo\/ -->\n<title>Concordia Familiae Musicae 2024 - Kornraset Narkmun<\/title>\n<meta name=\"robots\" content=\"index, follow, max-snippet:-1, max-image-preview:large, max-video-preview:-1\" \/>\n<link rel=\"canonical\" href=\"https:\/\/kornrasetnarkmun.com\/index.php\/concordia-familiae-musicae-2024\/\" \/>\n<meta property=\"og:locale\" content=\"en_US\" \/>\n<meta property=\"og:type\" content=\"article\" \/>\n<meta property=\"og:title\" content=\"Concordia Familiae Musicae 2024 - Kornraset Narkmun\" \/>\n<meta property=\"og:description\" content=\"Programme as PDF to download Biographies Programme Johann Sebastian Bach (1785-1750) Sonate in e-Moll f\u00fcr Fl\u00f6te und Basso Continuo, BWV 1034 I. Adagio ma non tanto II. Allegro III. Andante IV. Allegro Sonate in E-Dur f\u00fcr Fl\u00f6te und Basso continuo, BWV 1035 I. Adagio ma non tanto II. Allegro III. Siciliano IV. Allegro assai Sonate [&hellip;]\" \/>\n<meta property=\"og:url\" content=\"https:\/\/kornrasetnarkmun.com\/index.php\/concordia-familiae-musicae-2024\/\" \/>\n<meta property=\"og:site_name\" content=\"Kornraset Narkmun\" \/>\n<meta property=\"article:publisher\" content=\"https:\/\/www.facebook.com\/kornraset\/\" \/>\n<meta property=\"article:modified_time\" content=\"2024-07-16T18:10:19+00:00\" \/>\n<meta property=\"og:image\" content=\"https:\/\/kornrasetnarkmun.com\/wp-content\/uploads\/2024\/06\/Flotenkonzert-mit-Logos-1-724x1024.png\" \/>\n<meta name=\"twitter:card\" content=\"summary_large_image\" \/>\n<meta name=\"twitter:label1\" content=\"Est. reading time\" \/>\n\t<meta name=\"twitter:data1\" content=\"2 minutes\" \/>\n<script type=\"application\/ld+json\" class=\"yoast-schema-graph\">{\"@context\":\"https:\/\/schema.org\",\"@graph\":[{\"@type\":\"WebPage\",\"@id\":\"https:\/\/kornrasetnarkmun.com\/index.php\/concordia-familiae-musicae-2024\/\",\"url\":\"https:\/\/kornrasetnarkmun.com\/index.php\/concordia-familiae-musicae-2024\/\",\"name\":\"Concordia Familiae Musicae 2024 - Kornraset Narkmun\",\"isPartOf\":{\"@id\":\"https:\/\/kornrasetnarkmun.com\/#website\"},\"primaryImageOfPage\":{\"@id\":\"https:\/\/kornrasetnarkmun.com\/index.php\/concordia-familiae-musicae-2024\/#primaryimage\"},\"image\":{\"@id\":\"https:\/\/kornrasetnarkmun.com\/index.php\/concordia-familiae-musicae-2024\/#primaryimage\"},\"thumbnailUrl\":\"https:\/\/kornrasetnarkmun.com\/wp-content\/uploads\/2024\/06\/Flotenkonzert-mit-Logos-1-724x1024.png\",\"datePublished\":\"2024-06-15T21:17:00+00:00\",\"dateModified\":\"2024-07-16T18:10:19+00:00\",\"breadcrumb\":{\"@id\":\"https:\/\/kornrasetnarkmun.com\/index.php\/concordia-familiae-musicae-2024\/#breadcrumb\"},\"inLanguage\":\"en-US\",\"potentialAction\":[{\"@type\":\"ReadAction\",\"target\":[\"https:\/\/kornrasetnarkmun.com\/index.php\/concordia-familiae-musicae-2024\/\"]}]},{\"@type\":\"ImageObject\",\"inLanguage\":\"en-US\",\"@id\":\"https:\/\/kornrasetnarkmun.com\/index.php\/concordia-familiae-musicae-2024\/#primaryimage\",\"url\":\"https:\/\/kornrasetnarkmun.com\/wp-content\/uploads\/2024\/06\/Flotenkonzert-mit-Logos-1.png\",\"contentUrl\":\"https:\/\/kornrasetnarkmun.com\/wp-content\/uploads\/2024\/06\/Flotenkonzert-mit-Logos-1.png\",\"width\":2513,\"height\":3555},{\"@type\":\"BreadcrumbList\",\"@id\":\"https:\/\/kornrasetnarkmun.com\/index.php\/concordia-familiae-musicae-2024\/#breadcrumb\",\"itemListElement\":[{\"@type\":\"ListItem\",\"position\":1,\"name\":\"Home\",\"item\":\"https:\/\/kornrasetnarkmun.com\/\"},{\"@type\":\"ListItem\",\"position\":2,\"name\":\"Concordia Familiae Musicae 2024\"}]},{\"@type\":\"WebSite\",\"@id\":\"https:\/\/kornrasetnarkmun.com\/#website\",\"url\":\"https:\/\/kornrasetnarkmun.com\/\",\"name\":\"Kornraset Narkmun\",\"description\":\"Jonas Ensemble\",\"publisher\":{\"@id\":\"https:\/\/kornrasetnarkmun.com\/#organization\"},\"potentialAction\":[{\"@type\":\"SearchAction\",\"target\":{\"@type\":\"EntryPoint\",\"urlTemplate\":\"https:\/\/kornrasetnarkmun.com\/?s={search_term_string}\"},\"query-input\":\"required name=search_term_string\"}],\"inLanguage\":\"en-US\"},{\"@type\":\"Organization\",\"@id\":\"https:\/\/kornrasetnarkmun.com\/#organization\",\"name\":\"Ensemble der schmerzhaften Mutter\",\"url\":\"https:\/\/kornrasetnarkmun.com\/\",\"logo\":{\"@type\":\"ImageObject\",\"inLanguage\":\"en-US\",\"@id\":\"https:\/\/kornrasetnarkmun.com\/#\/schema\/logo\/image\/\",\"url\":\"https:\/\/kornrasetnarkmun.com\/wp-content\/uploads\/2022\/02\/Kornraset-Narkmun-1-1024x683.jpg\",\"contentUrl\":\"https:\/\/kornrasetnarkmun.com\/wp-content\/uploads\/2022\/02\/Kornraset-Narkmun-1-1024x683.jpg\",\"width\":1024,\"height\":683,\"caption\":\"Ensemble der schmerzhaften Mutter\"},\"image\":{\"@id\":\"https:\/\/kornrasetnarkmun.com\/#\/schema\/logo\/image\/\"},\"sameAs\":[\"https:\/\/www.facebook.com\/kornraset\/\",\"https:\/\/www.instagram.com\/pian_oman\/\"]}]}<\/script>\n<!-- \/ Yoast SEO plugin. -->","yoast_head_json":{"title":"Concordia Familiae Musicae 2024 - Kornraset Narkmun","robots":{"index":"index","follow":"follow","max-snippet":"max-snippet:-1","max-image-preview":"max-image-preview:large","max-video-preview":"max-video-preview:-1"},"canonical":"https:\/\/kornrasetnarkmun.com\/index.php\/concordia-familiae-musicae-2024\/","og_locale":"en_US","og_type":"article","og_title":"Concordia Familiae Musicae 2024 - Kornraset Narkmun","og_description":"Programme as PDF to download Biographies Programme Johann Sebastian Bach (1785-1750) Sonate in e-Moll f\u00fcr Fl\u00f6te und Basso Continuo, BWV 1034 I. Adagio ma non tanto II. Allegro III. Andante IV. Allegro Sonate in E-Dur f\u00fcr Fl\u00f6te und Basso continuo, BWV 1035 I. Adagio ma non tanto II. Allegro III. Siciliano IV. Allegro assai Sonate [&hellip;]","og_url":"https:\/\/kornrasetnarkmun.com\/index.php\/concordia-familiae-musicae-2024\/","og_site_name":"Kornraset Narkmun","article_publisher":"https:\/\/www.facebook.com\/kornraset\/","article_modified_time":"2024-07-16T18:10:19+00:00","og_image":[{"url":"https:\/\/kornrasetnarkmun.com\/wp-content\/uploads\/2024\/06\/Flotenkonzert-mit-Logos-1-724x1024.png"}],"twitter_card":"summary_large_image","twitter_misc":{"Est. reading time":"2 minutes"},"schema":{"@context":"https:\/\/schema.org","@graph":[{"@type":"WebPage","@id":"https:\/\/kornrasetnarkmun.com\/index.php\/concordia-familiae-musicae-2024\/","url":"https:\/\/kornrasetnarkmun.com\/index.php\/concordia-familiae-musicae-2024\/","name":"Concordia Familiae Musicae 2024 - Kornraset Narkmun","isPartOf":{"@id":"https:\/\/kornrasetnarkmun.com\/#website"},"primaryImageOfPage":{"@id":"https:\/\/kornrasetnarkmun.com\/index.php\/concordia-familiae-musicae-2024\/#primaryimage"},"image":{"@id":"https:\/\/kornrasetnarkmun.com\/index.php\/concordia-familiae-musicae-2024\/#primaryimage"},"thumbnailUrl":"https:\/\/kornrasetnarkmun.com\/wp-content\/uploads\/2024\/06\/Flotenkonzert-mit-Logos-1-724x1024.png","datePublished":"2024-06-15T21:17:00+00:00","dateModified":"2024-07-16T18:10:19+00:00","breadcrumb":{"@id":"https:\/\/kornrasetnarkmun.com\/index.php\/concordia-familiae-musicae-2024\/#breadcrumb"},"inLanguage":"en-US","potentialAction":[{"@type":"ReadAction","target":["https:\/\/kornrasetnarkmun.com\/index.php\/concordia-familiae-musicae-2024\/"]}]},{"@type":"ImageObject","inLanguage":"en-US","@id":"https:\/\/kornrasetnarkmun.com\/index.php\/concordia-familiae-musicae-2024\/#primaryimage","url":"https:\/\/kornrasetnarkmun.com\/wp-content\/uploads\/2024\/06\/Flotenkonzert-mit-Logos-1.png","contentUrl":"https:\/\/kornrasetnarkmun.com\/wp-content\/uploads\/2024\/06\/Flotenkonzert-mit-Logos-1.png","width":2513,"height":3555},{"@type":"BreadcrumbList","@id":"https:\/\/kornrasetnarkmun.com\/index.php\/concordia-familiae-musicae-2024\/#breadcrumb","itemListElement":[{"@type":"ListItem","position":1,"name":"Home","item":"https:\/\/kornrasetnarkmun.com\/"},{"@type":"ListItem","position":2,"name":"Concordia Familiae Musicae 2024"}]},{"@type":"WebSite","@id":"https:\/\/kornrasetnarkmun.com\/#website","url":"https:\/\/kornrasetnarkmun.com\/","name":"Kornraset Narkmun","description":"Jonas Ensemble","publisher":{"@id":"https:\/\/kornrasetnarkmun.com\/#organization"},"potentialAction":[{"@type":"SearchAction","target":{"@type":"EntryPoint","urlTemplate":"https:\/\/kornrasetnarkmun.com\/?s={search_term_string}"},"query-input":"required name=search_term_string"}],"inLanguage":"en-US"},{"@type":"Organization","@id":"https:\/\/kornrasetnarkmun.com\/#organization","name":"Ensemble der schmerzhaften Mutter","url":"https:\/\/kornrasetnarkmun.com\/","logo":{"@type":"ImageObject","inLanguage":"en-US","@id":"https:\/\/kornrasetnarkmun.com\/#\/schema\/logo\/image\/","url":"https:\/\/kornrasetnarkmun.com\/wp-content\/uploads\/2022\/02\/Kornraset-Narkmun-1-1024x683.jpg","contentUrl":"https:\/\/kornrasetnarkmun.com\/wp-content\/uploads\/2022\/02\/Kornraset-Narkmun-1-1024x683.jpg","width":1024,"height":683,"caption":"Ensemble der schmerzhaften Mutter"},"image":{"@id":"https:\/\/kornrasetnarkmun.com\/#\/schema\/logo\/image\/"},"sameAs":["https:\/\/www.facebook.com\/kornraset\/","https:\/\/www.instagram.com\/pian_oman\/"]}]}},"_links":{"self":[{"href":"https:\/\/kornrasetnarkmun.com\/index.php\/wp-json\/wp\/v2\/pages\/1510","targetHints":{"allow":["GET"]}}],"collection":[{"href":"https:\/\/kornrasetnarkmun.com\/index.php\/wp-json\/wp\/v2\/pages"}],"about":[{"href":"https:\/\/kornrasetnarkmun.com\/index.php\/wp-json\/wp\/v2\/types\/page"}],"author":[{"embeddable":true,"href":"https:\/\/kornrasetnarkmun.com\/index.php\/wp-json\/wp\/v2\/users\/1"}],"replies":[{"embeddable":true,"href":"https:\/\/kornrasetnarkmun.com\/index.php\/wp-json\/wp\/v2\/comments?post=1510"}],"version-history":[{"count":10,"href":"https:\/\/kornrasetnarkmun.com\/index.php\/wp-json\/wp\/v2\/pages\/1510\/revisions"}],"predecessor-version":[{"id":1548,"href":"https:\/\/kornrasetnarkmun.com\/index.php\/wp-json\/wp\/v2\/pages\/1510\/revisions\/1548"}],"wp:attachment":[{"href":"https:\/\/kornrasetnarkmun.com\/index.php\/wp-json\/wp\/v2\/media?parent=1510"}],"curies":[{"name":"wp","href":"https:\/\/api.w.org\/{rel}","templated":true}]}}