{"id":1739,"date":"2025-05-29T11:34:16","date_gmt":"2025-05-29T11:34:16","guid":{"rendered":"https:\/\/kornrasetnarkmun.com\/?page_id=1739"},"modified":"2025-05-29T11:58:40","modified_gmt":"2025-05-29T11:58:40","slug":"the-best-of-1760s","status":"publish","type":"page","link":"https:\/\/kornrasetnarkmun.com\/index.php\/the-best-of-1760s\/","title":{"rendered":"The Best of 1760s"},"content":{"rendered":"\n<figure class=\"wp-block-image size-large\"><img loading=\"lazy\" decoding=\"async\" width=\"1024\" height=\"1024\" src=\"https:\/\/kornrasetnarkmun.com\/wp-content\/uploads\/2025\/05\/Best-of-1024x1024.jpg\" alt=\"\" class=\"wp-image-1740\" srcset=\"https:\/\/kornrasetnarkmun.com\/wp-content\/uploads\/2025\/05\/Best-of-1024x1024.jpg 1024w, https:\/\/kornrasetnarkmun.com\/wp-content\/uploads\/2025\/05\/Best-of-300x300.jpg 300w, https:\/\/kornrasetnarkmun.com\/wp-content\/uploads\/2025\/05\/Best-of-150x150.jpg 150w, https:\/\/kornrasetnarkmun.com\/wp-content\/uploads\/2025\/05\/Best-of-768x768.jpg 768w, https:\/\/kornrasetnarkmun.com\/wp-content\/uploads\/2025\/05\/Best-of.jpg 1200w\" sizes=\"auto, (max-width: 1024px) 100vw, 1024px\" \/><\/figure>\n\n\n\n<p class=\"has-text-align-center has-normal-font-size\">Sonntag, 01. Juni 2025 17:00<\/p>\n\n\n\n<p class=\"has-text-align-center has-small-font-size\">Marienkirche der Schmerzhaften Mutter<br>Mariengasse 8020, Graz<\/p>\n\n\n\n<p class=\"has-text-align-center\"><\/p>\n\n\n\n<p class=\"has-small-font-size\">Effektvoll funktionale Musik w\u00e4hrend der \u00dcbergangszeit zwischen Barock und Klassik \u2013 oder sind es doch schlichtweg regionale und kulturelle Unterschiede zwischen Nord und S\u00fcd? <\/p>\n\n\n\n<p class=\"has-small-font-size\">Die harmlos-gem\u00fcts- und stimmungsaufbauenden Effekte der friedlich harmonierenden und nachvollziehbaren \u2013 also meist gem\u00e4\u00dfigten \u2013 Dissonanzen in der Musik von Gregor Joseph Werner, dem Gotteslob und den galanten Werken von Gottlieb Muffat stehen der kraftvollen, impulsiven Musik des Sturm und Drang von Carl Philipp Emanuel Bach gegen\u00fcber. Diese zieht zwar die stille und kraftgebende Musik des S\u00fcdens nach sich. <\/p>\n\n\n\n<p class=\"has-small-font-size\">Doch in diesem Sinne steht es zumindest aus dem Buch Hiob (Hiob 1,21):<\/p>\n\n\n\n<blockquote class=\"wp-block-quote is-style-plain is-layout-flow wp-block-quote-is-layout-flow\">\n<p class=\"has-light-gray-color has-text-color has-link-color has-small-font-size wp-elements-95d38d41dd1ae17ae4be5cdadad129a9\"><em><strong>\u201eNackt bin ich zur Welt gekommen, und nackt verlasse ich sie wieder. Herr, du hast mir alles gegeben, du hast mir alles genommen \u2013 dich will ich preisen!\u201c<\/strong><\/em><\/p>\n<\/blockquote>\n\n\n\n<blockquote class=\"wp-block-quote is-style-plain is-layout-flow wp-block-quote-is-layout-flow\"><\/blockquote>\n\n\n\n<p class=\"has-small-font-size\">Nicht alles stammt aus den 1760ern \u2013 aber alles steht im Geist dieser Zeit. Damals wie heute musste das Publikum zwei Str\u00f6mungen zugleich ertragen, aber hoffentlich nicht in einem Konzert zugleich: galante Anmut und aufw\u00fchlenden Ausdruck. Eigentlich kein gro\u00dfer Unterschied zu dem grauen Gesangsbuch, das auch heute noch vor Ihnen liegt.<\/p>\n\n\n\n<p class=\"has-small-font-size\">Die perfekte Melange aus aller Zeit \u2013 und Ewigkeit.<\/p>\n\n\n\n<p><\/p>\n\n\n\n<p class=\"has-text-align-center\"><em>Programm:<\/em><\/p>\n\n\n\n<p class=\"has-small-font-size\">Gregor Joseph Werner (1693\u20131766)<\/p>\n\n\n\n<blockquote class=\"wp-block-quote is-style-plain is-layout-flow wp-block-quote-is-layout-flow\">\n<p class=\"has-small-font-size\"><strong>Fuge c-Moll Nr. 4<\/strong><br>Aus der Sammlung 6 Fugen f\u00fcr Streichquartett<br>&#8211; Adagio ma poco<br>&#8211; Vivace<\/p>\n<\/blockquote>\n\n\n\n<p class=\"has-small-font-size\">Gregor Joseph Werner (1693\u20131766)<\/p>\n\n\n\n<blockquote class=\"wp-block-quote is-style-plain is-layout-flow wp-block-quote-is-layout-flow\">\n<p class=\"has-small-font-size\"><strong>Symphoni\u00e6 sex sen\u00e6que sonat\u00e6 \u2013 Sonata Quinta<\/strong><br>Aus der Sammlung von sechs Sinfonien und sechs Sonaten, ver\u00f6ffentlicht 1735.<br>&#8211; Largo<br>&#8211; Allegro<br>&#8211; Largo<br>&#8211; Allegro<\/p>\n<\/blockquote>\n\n\n\n<p class=\"has-small-font-size\">Gottlieb Theophil Muffat (1690\u20131770)<\/p>\n\n\n\n<blockquote class=\"wp-block-quote is-style-plain is-layout-flow wp-block-quote-is-layout-flow\">\n<p class=\"has-small-font-size\"><strong>Cembalokonzert C-Dur<\/strong><br>Aus dem Konzert f\u00fcr Cembalo, zwei Violinen und Basso continuo.<br>&#8211; Adagio<br>&#8211; Tempo moderato et Arioso<\/p>\n<\/blockquote>\n\n\n\n<p>Carl Philipp Emanuel Bach (1714-1788)<\/p>\n\n\n\n<blockquote class=\"wp-block-quote is-style-plain is-layout-flow wp-block-quote-is-layout-flow\">\n<p class=\"has-small-font-size\"><strong>Sinfonie h-Moll, Wq 182\/5 (H.661) <\/strong><br>Teil der Hamburger Sinfonien, komponiert 1773.<br>&#8211; Allegretto<br>&#8211; Larghetto<br>&#8211; Presto<\/p>\n<\/blockquote>\n\n\n\n<p>U. V. M.<\/p>\n\n\n\n<p><\/p>\n","protected":false},"excerpt":{"rendered":"<p>Sonntag, 01. Juni 2025 17:00 Marienkirche der Schmerzhaften MutterMariengasse 8020, Graz Effektvoll funktionale Musik w\u00e4hrend der \u00dcbergangszeit zwischen Barock und Klassik \u2013 oder sind es doch schlichtweg regionale und kulturelle Unterschiede zwischen Nord und S\u00fcd? Die harmlos-gem\u00fcts- und stimmungsaufbauenden Effekte der friedlich harmonierenden und nachvollziehbaren \u2013 also meist gem\u00e4\u00dfigten \u2013 Dissonanzen in der Musik von [&hellip;]<\/p>\n","protected":false},"author":1,"featured_media":0,"parent":0,"menu_order":0,"comment_status":"closed","ping_status":"closed","template":"","meta":{"_monsterinsights_skip_tracking":false,"_monsterinsights_sitenote_active":false,"_monsterinsights_sitenote_note":"","_monsterinsights_sitenote_category":0,"footnotes":""},"class_list":["post-1739","page","type-page","status-publish","hentry","entry"],"aioseo_notices":[],"yoast_head":"<!-- This site is optimized with the Yoast SEO plugin v22.6 - https:\/\/yoast.com\/wordpress\/plugins\/seo\/ -->\n<title>The Best of 1760s - Kornraset Narkmun<\/title>\n<meta name=\"robots\" content=\"index, follow, max-snippet:-1, max-image-preview:large, max-video-preview:-1\" \/>\n<link rel=\"canonical\" href=\"https:\/\/kornrasetnarkmun.com\/index.php\/the-best-of-1760s\/\" \/>\n<meta property=\"og:locale\" content=\"en_US\" \/>\n<meta property=\"og:type\" content=\"article\" \/>\n<meta property=\"og:title\" content=\"The Best of 1760s - Kornraset Narkmun\" \/>\n<meta property=\"og:description\" content=\"Sonntag, 01. Juni 2025 17:00 Marienkirche der Schmerzhaften MutterMariengasse 8020, Graz Effektvoll funktionale Musik w\u00e4hrend der \u00dcbergangszeit zwischen Barock und Klassik \u2013 oder sind es doch schlichtweg regionale und kulturelle Unterschiede zwischen Nord und S\u00fcd? Die harmlos-gem\u00fcts- und stimmungsaufbauenden Effekte der friedlich harmonierenden und nachvollziehbaren \u2013 also meist gem\u00e4\u00dfigten \u2013 Dissonanzen in der Musik von [&hellip;]\" \/>\n<meta property=\"og:url\" content=\"https:\/\/kornrasetnarkmun.com\/index.php\/the-best-of-1760s\/\" \/>\n<meta property=\"og:site_name\" content=\"Kornraset Narkmun\" \/>\n<meta property=\"article:publisher\" content=\"https:\/\/www.facebook.com\/kornraset\/\" \/>\n<meta property=\"article:modified_time\" content=\"2025-05-29T11:58:40+00:00\" \/>\n<meta property=\"og:image\" content=\"https:\/\/kornrasetnarkmun.com\/wp-content\/uploads\/2025\/05\/Best-of-1024x1024.jpg\" \/>\n<meta name=\"twitter:card\" content=\"summary_large_image\" \/>\n<meta name=\"twitter:label1\" content=\"Est. reading time\" \/>\n\t<meta name=\"twitter:data1\" content=\"2 minutes\" \/>\n<script type=\"application\/ld+json\" class=\"yoast-schema-graph\">{\"@context\":\"https:\/\/schema.org\",\"@graph\":[{\"@type\":\"WebPage\",\"@id\":\"https:\/\/kornrasetnarkmun.com\/index.php\/the-best-of-1760s\/\",\"url\":\"https:\/\/kornrasetnarkmun.com\/index.php\/the-best-of-1760s\/\",\"name\":\"The Best of 1760s - Kornraset Narkmun\",\"isPartOf\":{\"@id\":\"https:\/\/kornrasetnarkmun.com\/#website\"},\"primaryImageOfPage\":{\"@id\":\"https:\/\/kornrasetnarkmun.com\/index.php\/the-best-of-1760s\/#primaryimage\"},\"image\":{\"@id\":\"https:\/\/kornrasetnarkmun.com\/index.php\/the-best-of-1760s\/#primaryimage\"},\"thumbnailUrl\":\"https:\/\/kornrasetnarkmun.com\/wp-content\/uploads\/2025\/05\/Best-of-1024x1024.jpg\",\"datePublished\":\"2025-05-29T11:34:16+00:00\",\"dateModified\":\"2025-05-29T11:58:40+00:00\",\"breadcrumb\":{\"@id\":\"https:\/\/kornrasetnarkmun.com\/index.php\/the-best-of-1760s\/#breadcrumb\"},\"inLanguage\":\"en-US\",\"potentialAction\":[{\"@type\":\"ReadAction\",\"target\":[\"https:\/\/kornrasetnarkmun.com\/index.php\/the-best-of-1760s\/\"]}]},{\"@type\":\"ImageObject\",\"inLanguage\":\"en-US\",\"@id\":\"https:\/\/kornrasetnarkmun.com\/index.php\/the-best-of-1760s\/#primaryimage\",\"url\":\"https:\/\/kornrasetnarkmun.com\/wp-content\/uploads\/2025\/05\/Best-of.jpg\",\"contentUrl\":\"https:\/\/kornrasetnarkmun.com\/wp-content\/uploads\/2025\/05\/Best-of.jpg\",\"width\":1200,\"height\":1200},{\"@type\":\"BreadcrumbList\",\"@id\":\"https:\/\/kornrasetnarkmun.com\/index.php\/the-best-of-1760s\/#breadcrumb\",\"itemListElement\":[{\"@type\":\"ListItem\",\"position\":1,\"name\":\"Home\",\"item\":\"https:\/\/kornrasetnarkmun.com\/\"},{\"@type\":\"ListItem\",\"position\":2,\"name\":\"The Best of 1760s\"}]},{\"@type\":\"WebSite\",\"@id\":\"https:\/\/kornrasetnarkmun.com\/#website\",\"url\":\"https:\/\/kornrasetnarkmun.com\/\",\"name\":\"Kornraset Narkmun\",\"description\":\"Jonas Ensemble\",\"publisher\":{\"@id\":\"https:\/\/kornrasetnarkmun.com\/#organization\"},\"potentialAction\":[{\"@type\":\"SearchAction\",\"target\":{\"@type\":\"EntryPoint\",\"urlTemplate\":\"https:\/\/kornrasetnarkmun.com\/?s={search_term_string}\"},\"query-input\":\"required name=search_term_string\"}],\"inLanguage\":\"en-US\"},{\"@type\":\"Organization\",\"@id\":\"https:\/\/kornrasetnarkmun.com\/#organization\",\"name\":\"Ensemble der schmerzhaften Mutter\",\"url\":\"https:\/\/kornrasetnarkmun.com\/\",\"logo\":{\"@type\":\"ImageObject\",\"inLanguage\":\"en-US\",\"@id\":\"https:\/\/kornrasetnarkmun.com\/#\/schema\/logo\/image\/\",\"url\":\"https:\/\/kornrasetnarkmun.com\/wp-content\/uploads\/2022\/02\/Kornraset-Narkmun-1-1024x683.jpg\",\"contentUrl\":\"https:\/\/kornrasetnarkmun.com\/wp-content\/uploads\/2022\/02\/Kornraset-Narkmun-1-1024x683.jpg\",\"width\":1024,\"height\":683,\"caption\":\"Ensemble der schmerzhaften Mutter\"},\"image\":{\"@id\":\"https:\/\/kornrasetnarkmun.com\/#\/schema\/logo\/image\/\"},\"sameAs\":[\"https:\/\/www.facebook.com\/kornraset\/\",\"https:\/\/www.instagram.com\/pian_oman\/\"]}]}<\/script>\n<!-- \/ Yoast SEO plugin. -->","yoast_head_json":{"title":"The Best of 1760s - Kornraset Narkmun","robots":{"index":"index","follow":"follow","max-snippet":"max-snippet:-1","max-image-preview":"max-image-preview:large","max-video-preview":"max-video-preview:-1"},"canonical":"https:\/\/kornrasetnarkmun.com\/index.php\/the-best-of-1760s\/","og_locale":"en_US","og_type":"article","og_title":"The Best of 1760s - Kornraset Narkmun","og_description":"Sonntag, 01. Juni 2025 17:00 Marienkirche der Schmerzhaften MutterMariengasse 8020, Graz Effektvoll funktionale Musik w\u00e4hrend der \u00dcbergangszeit zwischen Barock und Klassik \u2013 oder sind es doch schlichtweg regionale und kulturelle Unterschiede zwischen Nord und S\u00fcd? Die harmlos-gem\u00fcts- und stimmungsaufbauenden Effekte der friedlich harmonierenden und nachvollziehbaren \u2013 also meist gem\u00e4\u00dfigten \u2013 Dissonanzen in der Musik von [&hellip;]","og_url":"https:\/\/kornrasetnarkmun.com\/index.php\/the-best-of-1760s\/","og_site_name":"Kornraset Narkmun","article_publisher":"https:\/\/www.facebook.com\/kornraset\/","article_modified_time":"2025-05-29T11:58:40+00:00","og_image":[{"url":"https:\/\/kornrasetnarkmun.com\/wp-content\/uploads\/2025\/05\/Best-of-1024x1024.jpg"}],"twitter_card":"summary_large_image","twitter_misc":{"Est. reading time":"2 minutes"},"schema":{"@context":"https:\/\/schema.org","@graph":[{"@type":"WebPage","@id":"https:\/\/kornrasetnarkmun.com\/index.php\/the-best-of-1760s\/","url":"https:\/\/kornrasetnarkmun.com\/index.php\/the-best-of-1760s\/","name":"The Best of 1760s - Kornraset Narkmun","isPartOf":{"@id":"https:\/\/kornrasetnarkmun.com\/#website"},"primaryImageOfPage":{"@id":"https:\/\/kornrasetnarkmun.com\/index.php\/the-best-of-1760s\/#primaryimage"},"image":{"@id":"https:\/\/kornrasetnarkmun.com\/index.php\/the-best-of-1760s\/#primaryimage"},"thumbnailUrl":"https:\/\/kornrasetnarkmun.com\/wp-content\/uploads\/2025\/05\/Best-of-1024x1024.jpg","datePublished":"2025-05-29T11:34:16+00:00","dateModified":"2025-05-29T11:58:40+00:00","breadcrumb":{"@id":"https:\/\/kornrasetnarkmun.com\/index.php\/the-best-of-1760s\/#breadcrumb"},"inLanguage":"en-US","potentialAction":[{"@type":"ReadAction","target":["https:\/\/kornrasetnarkmun.com\/index.php\/the-best-of-1760s\/"]}]},{"@type":"ImageObject","inLanguage":"en-US","@id":"https:\/\/kornrasetnarkmun.com\/index.php\/the-best-of-1760s\/#primaryimage","url":"https:\/\/kornrasetnarkmun.com\/wp-content\/uploads\/2025\/05\/Best-of.jpg","contentUrl":"https:\/\/kornrasetnarkmun.com\/wp-content\/uploads\/2025\/05\/Best-of.jpg","width":1200,"height":1200},{"@type":"BreadcrumbList","@id":"https:\/\/kornrasetnarkmun.com\/index.php\/the-best-of-1760s\/#breadcrumb","itemListElement":[{"@type":"ListItem","position":1,"name":"Home","item":"https:\/\/kornrasetnarkmun.com\/"},{"@type":"ListItem","position":2,"name":"The Best of 1760s"}]},{"@type":"WebSite","@id":"https:\/\/kornrasetnarkmun.com\/#website","url":"https:\/\/kornrasetnarkmun.com\/","name":"Kornraset Narkmun","description":"Jonas Ensemble","publisher":{"@id":"https:\/\/kornrasetnarkmun.com\/#organization"},"potentialAction":[{"@type":"SearchAction","target":{"@type":"EntryPoint","urlTemplate":"https:\/\/kornrasetnarkmun.com\/?s={search_term_string}"},"query-input":"required name=search_term_string"}],"inLanguage":"en-US"},{"@type":"Organization","@id":"https:\/\/kornrasetnarkmun.com\/#organization","name":"Ensemble der schmerzhaften Mutter","url":"https:\/\/kornrasetnarkmun.com\/","logo":{"@type":"ImageObject","inLanguage":"en-US","@id":"https:\/\/kornrasetnarkmun.com\/#\/schema\/logo\/image\/","url":"https:\/\/kornrasetnarkmun.com\/wp-content\/uploads\/2022\/02\/Kornraset-Narkmun-1-1024x683.jpg","contentUrl":"https:\/\/kornrasetnarkmun.com\/wp-content\/uploads\/2022\/02\/Kornraset-Narkmun-1-1024x683.jpg","width":1024,"height":683,"caption":"Ensemble der schmerzhaften Mutter"},"image":{"@id":"https:\/\/kornrasetnarkmun.com\/#\/schema\/logo\/image\/"},"sameAs":["https:\/\/www.facebook.com\/kornraset\/","https:\/\/www.instagram.com\/pian_oman\/"]}]}},"_links":{"self":[{"href":"https:\/\/kornrasetnarkmun.com\/index.php\/wp-json\/wp\/v2\/pages\/1739","targetHints":{"allow":["GET"]}}],"collection":[{"href":"https:\/\/kornrasetnarkmun.com\/index.php\/wp-json\/wp\/v2\/pages"}],"about":[{"href":"https:\/\/kornrasetnarkmun.com\/index.php\/wp-json\/wp\/v2\/types\/page"}],"author":[{"embeddable":true,"href":"https:\/\/kornrasetnarkmun.com\/index.php\/wp-json\/wp\/v2\/users\/1"}],"replies":[{"embeddable":true,"href":"https:\/\/kornrasetnarkmun.com\/index.php\/wp-json\/wp\/v2\/comments?post=1739"}],"version-history":[{"count":17,"href":"https:\/\/kornrasetnarkmun.com\/index.php\/wp-json\/wp\/v2\/pages\/1739\/revisions"}],"predecessor-version":[{"id":1762,"href":"https:\/\/kornrasetnarkmun.com\/index.php\/wp-json\/wp\/v2\/pages\/1739\/revisions\/1762"}],"wp:attachment":[{"href":"https:\/\/kornrasetnarkmun.com\/index.php\/wp-json\/wp\/v2\/media?parent=1739"}],"curies":[{"name":"wp","href":"https:\/\/api.w.org\/{rel}","templated":true}]}}