{"id":721,"date":"2022-10-17T03:18:33","date_gmt":"2022-10-17T03:18:33","guid":{"rendered":"https:\/\/kornrasetnarkmun.com\/?page_id=721"},"modified":"2023-06-06T14:12:28","modified_gmt":"2023-06-06T14:12:28","slug":"waldbrand-kantate","status":"publish","type":"page","link":"https:\/\/kornrasetnarkmun.com\/index.php\/waldbrand-kantate\/","title":{"rendered":"Waldbrand-Kantate"},"content":{"rendered":"\n<p class=\"has-dark-gray-color has-text-color has-background has-normal-font-size\" style=\"background-color:#ccc9c9\"><strong>b\u00e4ume, braun und nackt, stehen<br>wie vogelscheuchen, wie friedhofskreuze zerfressen, aufgereiht am hang staubtrocken<br>bereit<br>zur ein\u00e4scherung.<\/strong><\/p>\n\n\n\n<p class=\"has-text-align-center\"><em>Barock-Musik verwebt sich mit<br>zeitgen\u00f6ssischen Kl\u00e4ngen und Gedichten von Jakob Niller<br>zu einer nachdenklichen k\u00fcnstlerischen Intervention im Kirchenraum<br>zur Klimakrise und der Beziehung zwischen Mensch und Natur.<\/em><\/p>\n\n\n\n<p class=\"has-text-align-center\"><strong>Besetzung<\/strong><\/p>\n\n\n\n<p class=\"has-text-align-center\">02.06, 04.06 Elisabeth Stemberg, 07.06 Paul\u00edna Bedn\u00e1rikov\u00e1 &#8211; Engel\/Nymphe<br>Burcu Melis Demiray &#8211; Nymphe<br>Andrej Glavan &#8211; Feuer<br>Paul Wolff &#8211; Elektronische Musik<br>Kornraset Narkmun &#8211; Cembalo<br>Astrid Kohlmeier &#8211; Szenische Einrichtung<\/p>\n\n\n\n<p><\/p>\n\n\n\n<p class=\"has-text-align-center\"><strong>Termine<\/strong><\/p>\n\n\n\n<p class=\"has-text-align-center\">Musikalische Generalprobe,<\/p>\n\n\n\n<p class=\"has-text-align-center\">Sonntag, 21.05.2023<\/p>\n\n\n\n<p class=\"has-text-align-center\">SUb, Graz 8010<\/p>\n\n\n\n<p><\/p>\n\n\n\n<p class=\"has-text-align-center\"><strong>Lange Nacht der Kirchen,<\/strong><br>Freitag, 02.06.2023, 22:00, <\/p>\n\n\n\n<p class=\"has-text-align-center\">St. Andr\u00e4, Graz 8020<\/p>\n\n\n\n<p><\/p>\n\n\n\n<p class=\"has-text-align-center\"><strong>Originalfassung<\/strong><br>Sonntag, 04.06.2023, 18:30,<br>Schmerzhafte Mutter Kirche, 8020 Graz<\/p>\n\n\n\n<p><\/p>\n\n\n\n<p class=\"has-text-align-center\"><strong>Originalfassung<\/strong><br>Mittwoch, 07.06.2023, 19:30,<br>Evangelische Kirche Klosterneuburg,<br>4300 Klosterneuburg <\/p>\n\n\n<div class=\"wp-block-image\">\n<figure class=\"aligncenter size-large\"><img loading=\"lazy\" decoding=\"async\" width=\"683\" height=\"1024\" src=\"https:\/\/kornrasetnarkmun.com\/wp-content\/uploads\/2023\/05\/06_Prometheus-683x1024.jpg\" alt=\"\" class=\"wp-image-1079\" srcset=\"https:\/\/kornrasetnarkmun.com\/wp-content\/uploads\/2023\/05\/06_Prometheus-683x1024.jpg 683w, https:\/\/kornrasetnarkmun.com\/wp-content\/uploads\/2023\/05\/06_Prometheus-200x300.jpg 200w, https:\/\/kornrasetnarkmun.com\/wp-content\/uploads\/2023\/05\/06_Prometheus-768x1152.jpg 768w, https:\/\/kornrasetnarkmun.com\/wp-content\/uploads\/2023\/05\/06_Prometheus-1024x1536.jpg 1024w, https:\/\/kornrasetnarkmun.com\/wp-content\/uploads\/2023\/05\/06_Prometheus-1365x2048.jpg 1365w, https:\/\/kornrasetnarkmun.com\/wp-content\/uploads\/2023\/05\/06_Prometheus-1568x2352.jpg 1568w, https:\/\/kornrasetnarkmun.com\/wp-content\/uploads\/2023\/05\/06_Prometheus-scaled.jpg 1707w\" sizes=\"auto, (max-width: 683px) 100vw, 683px\" \/><\/figure>\n<\/div>\n\n\n<p class=\"has-text-align-right has-primary-color has-text-color has-small-font-size\">Da unumschr\u00e4nkt ist meine Macht,<\/p>\n\n\n\n<p class=\"has-text-align-right has-primary-color has-text-color has-small-font-size\">Nichts darf mir widerstehen:<\/p>\n\n\n\n<p class=\"has-text-align-right has-primary-color has-text-color has-small-font-size\">Wer ist so k\u00fchn, der meiner Sense lacht?<\/p>\n\n\n\n<p class=\"has-text-align-right has-primary-color has-text-color has-small-font-size\">Durch mich mu\u00df, was ich will, in Schutt und<\/p>\n\n\n\n<p class=\"has-text-align-right has-primary-color has-text-color has-small-font-size\">Staub vergehen.<\/p>\n\n\n\n<p class=\"has-text-align-right has-primary-color has-text-color has-small-font-size\">Mein scharf gespizter Zahn<\/p>\n\n\n\n<p class=\"has-text-align-right has-primary-color has-text-color has-small-font-size\">Greift alles an.<\/p>\n\n\n\n<p class=\"has-text-align-right has-primary-color has-text-color has-small-font-size\">Und da der G\u00f6tter strenge Schl\u00fcsse<\/p>\n\n\n\n<p class=\"has-text-align-right has-primary-color has-text-color has-small-font-size\">Verordnen da\u00df ich mich<\/p>\n\n\n\n<p class=\"has-text-align-right has-primary-color has-text-color has-small-font-size\">Auch selbsten noch verzehren m\u00fcsse<\/p>\n\n\n\n<p class=\"has-text-align-right has-primary-color has-text-color has-small-font-size\">So sezet sich<\/p>\n\n\n\n<p class=\"has-text-align-right has-primary-color has-text-color has-small-font-size\">Mein starcker Arm kein Ziel<\/p>\n\n\n\n<p class=\"has-text-align-right has-primary-color has-text-color has-small-font-size\">Er st\u00fcrzt, zerschmettert, und = = = =&nbsp; doch still<\/p>\n\n\n\n<p class=\"has-text-align-right has-primary-color has-text-color has-small-font-size\">Was f\u00fcr ein ungewohnter Schall<\/p>\n\n\n\n<p class=\"has-text-align-right has-primary-color has-text-color has-small-font-size\">Giebt durch die Luft den Widerhall ?<\/p>\n\n\n\n<p><\/p>\n\n\n\n<p style=\"font-size:15.5px;font-style:normal;font-weight:100\"><\/p>\n\n\n\n<figure class=\"wp-block-image size-large\"><img loading=\"lazy\" decoding=\"async\" width=\"1024\" height=\"256\" src=\"https:\/\/kornrasetnarkmun.com\/wp-content\/uploads\/2023\/04\/langenacht2023_80x20-1024x256.png\" alt=\"\" class=\"wp-image-1045\" srcset=\"https:\/\/kornrasetnarkmun.com\/wp-content\/uploads\/2023\/04\/langenacht2023_80x20-1024x256.png 1024w, https:\/\/kornrasetnarkmun.com\/wp-content\/uploads\/2023\/04\/langenacht2023_80x20-300x75.png 300w, https:\/\/kornrasetnarkmun.com\/wp-content\/uploads\/2023\/04\/langenacht2023_80x20-768x192.png 768w, https:\/\/kornrasetnarkmun.com\/wp-content\/uploads\/2023\/04\/langenacht2023_80x20.png 1260w\" sizes=\"auto, (max-width: 1024px) 100vw, 1024px\" \/><\/figure>\n\n\n\n<p><a href=\"https:\/\/www.langenachtderkirchen.at\/termin\/waldbrand-kantate-konzert-und-lesung-zum-thema-klimaschutz-umweltbelasung\/\" target=\"_blank\" rel=\"noreferrer noopener\">https:\/\/www.langenachtderkirchen.at\/termin\/waldbrand-kantate-konzert-und-lesung-zum-thema-klimaschutz-umweltbelasung\/<\/a><\/p>\n\n\n\n<div class=\"wp-block-columns is-layout-flex wp-container-core-columns-is-layout-9d6595d7 wp-block-columns-is-layout-flex\">\n<div class=\"wp-block-column is-layout-flow wp-block-column-is-layout-flow\">\n<figure class=\"wp-block-image size-large\"><img loading=\"lazy\" decoding=\"async\" width=\"938\" height=\"1024\" src=\"https:\/\/kornrasetnarkmun.com\/wp-content\/uploads\/2023\/06\/WhatsApp-Image-2023-06-04-at-20.17.19-938x1024.jpeg\" alt=\"\" class=\"wp-image-1095\" srcset=\"https:\/\/kornrasetnarkmun.com\/wp-content\/uploads\/2023\/06\/WhatsApp-Image-2023-06-04-at-20.17.19-938x1024.jpeg 938w, https:\/\/kornrasetnarkmun.com\/wp-content\/uploads\/2023\/06\/WhatsApp-Image-2023-06-04-at-20.17.19-275x300.jpeg 275w, https:\/\/kornrasetnarkmun.com\/wp-content\/uploads\/2023\/06\/WhatsApp-Image-2023-06-04-at-20.17.19-768x838.jpeg 768w, https:\/\/kornrasetnarkmun.com\/wp-content\/uploads\/2023\/06\/WhatsApp-Image-2023-06-04-at-20.17.19-1407x1536.jpeg 1407w, https:\/\/kornrasetnarkmun.com\/wp-content\/uploads\/2023\/06\/WhatsApp-Image-2023-06-04-at-20.17.19-1568x1712.jpeg 1568w, https:\/\/kornrasetnarkmun.com\/wp-content\/uploads\/2023\/06\/WhatsApp-Image-2023-06-04-at-20.17.19.jpeg 1583w\" sizes=\"auto, (max-width: 938px) 100vw, 938px\" \/><\/figure>\n<\/div>\n\n\n\n<div class=\"wp-block-column is-layout-flow wp-block-column-is-layout-flow\">\n<figure class=\"wp-block-image size-large\"><img loading=\"lazy\" decoding=\"async\" width=\"768\" height=\"1024\" src=\"https:\/\/kornrasetnarkmun.com\/wp-content\/uploads\/2023\/06\/WhatsApp-Image-2023-06-05-at-06.15.40-768x1024.jpeg\" alt=\"\" class=\"wp-image-1096\" srcset=\"https:\/\/kornrasetnarkmun.com\/wp-content\/uploads\/2023\/06\/WhatsApp-Image-2023-06-05-at-06.15.40-768x1024.jpeg 768w, https:\/\/kornrasetnarkmun.com\/wp-content\/uploads\/2023\/06\/WhatsApp-Image-2023-06-05-at-06.15.40-225x300.jpeg 225w, https:\/\/kornrasetnarkmun.com\/wp-content\/uploads\/2023\/06\/WhatsApp-Image-2023-06-05-at-06.15.40-1152x1536.jpeg 1152w, https:\/\/kornrasetnarkmun.com\/wp-content\/uploads\/2023\/06\/WhatsApp-Image-2023-06-05-at-06.15.40.jpeg 1200w\" sizes=\"auto, (max-width: 768px) 100vw, 768px\" \/><\/figure>\n<\/div>\n\n\n\n<div class=\"wp-block-column is-layout-flow wp-block-column-is-layout-flow\">\n<figure class=\"wp-block-image size-large\"><img loading=\"lazy\" decoding=\"async\" width=\"983\" height=\"1024\" src=\"https:\/\/kornrasetnarkmun.com\/wp-content\/uploads\/2023\/06\/WhatsApp-Image-2023-06-04-at-20.13.00-983x1024.jpeg\" alt=\"\" class=\"wp-image-1097\" srcset=\"https:\/\/kornrasetnarkmun.com\/wp-content\/uploads\/2023\/06\/WhatsApp-Image-2023-06-04-at-20.13.00-983x1024.jpeg 983w, https:\/\/kornrasetnarkmun.com\/wp-content\/uploads\/2023\/06\/WhatsApp-Image-2023-06-04-at-20.13.00-288x300.jpeg 288w, https:\/\/kornrasetnarkmun.com\/wp-content\/uploads\/2023\/06\/WhatsApp-Image-2023-06-04-at-20.13.00-768x800.jpeg 768w, https:\/\/kornrasetnarkmun.com\/wp-content\/uploads\/2023\/06\/WhatsApp-Image-2023-06-04-at-20.13.00-1474x1536.jpeg 1474w, https:\/\/kornrasetnarkmun.com\/wp-content\/uploads\/2023\/06\/WhatsApp-Image-2023-06-04-at-20.13.00-1568x1634.jpeg 1568w, https:\/\/kornrasetnarkmun.com\/wp-content\/uploads\/2023\/06\/WhatsApp-Image-2023-06-04-at-20.13.00.jpeg 1576w\" sizes=\"auto, (max-width: 983px) 100vw, 983px\" \/><\/figure>\n<\/div>\n<\/div>\n","protected":false},"excerpt":{"rendered":"<p>b\u00e4ume, braun und nackt, stehenwie vogelscheuchen, wie friedhofskreuze zerfressen, aufgereiht am hang staubtrockenbereitzur ein\u00e4scherung. Barock-Musik verwebt sich mitzeitgen\u00f6ssischen Kl\u00e4ngen und Gedichten von Jakob Nillerzu einer nachdenklichen k\u00fcnstlerischen Intervention im Kirchenraumzur Klimakrise und der Beziehung zwischen Mensch und Natur. Besetzung 02.06, 04.06 Elisabeth Stemberg, 07.06 Paul\u00edna Bedn\u00e1rikov\u00e1 &#8211; Engel\/NympheBurcu Melis Demiray &#8211; NympheAndrej Glavan &#8211; FeuerPaul [&hellip;]<\/p>\n","protected":false},"author":1,"featured_media":0,"parent":0,"menu_order":0,"comment_status":"closed","ping_status":"closed","template":"","meta":{"_monsterinsights_skip_tracking":false,"_monsterinsights_sitenote_active":false,"_monsterinsights_sitenote_note":"","_monsterinsights_sitenote_category":0,"footnotes":""},"class_list":["post-721","page","type-page","status-publish","hentry","entry"],"aioseo_notices":[],"yoast_head":"<!-- This site is optimized with the Yoast SEO plugin v22.6 - https:\/\/yoast.com\/wordpress\/plugins\/seo\/ -->\n<title>Waldbrand-Kantate - Kornraset Narkmun<\/title>\n<meta name=\"robots\" content=\"index, follow, max-snippet:-1, max-image-preview:large, max-video-preview:-1\" \/>\n<link rel=\"canonical\" href=\"https:\/\/kornrasetnarkmun.com\/index.php\/waldbrand-kantate\/\" \/>\n<meta property=\"og:locale\" content=\"en_US\" \/>\n<meta property=\"og:type\" content=\"article\" \/>\n<meta property=\"og:title\" content=\"Waldbrand-Kantate - Kornraset Narkmun\" \/>\n<meta property=\"og:description\" content=\"b\u00e4ume, braun und nackt, stehenwie vogelscheuchen, wie friedhofskreuze zerfressen, aufgereiht am hang staubtrockenbereitzur ein\u00e4scherung. Barock-Musik verwebt sich mitzeitgen\u00f6ssischen Kl\u00e4ngen und Gedichten von Jakob Nillerzu einer nachdenklichen k\u00fcnstlerischen Intervention im Kirchenraumzur Klimakrise und der Beziehung zwischen Mensch und Natur. Besetzung 02.06, 04.06 Elisabeth Stemberg, 07.06 Paul\u00edna Bedn\u00e1rikov\u00e1 &#8211; Engel\/NympheBurcu Melis Demiray &#8211; NympheAndrej Glavan &#8211; FeuerPaul [&hellip;]\" \/>\n<meta property=\"og:url\" content=\"https:\/\/kornrasetnarkmun.com\/index.php\/waldbrand-kantate\/\" \/>\n<meta property=\"og:site_name\" content=\"Kornraset Narkmun\" \/>\n<meta property=\"article:publisher\" content=\"https:\/\/www.facebook.com\/kornraset\/\" \/>\n<meta property=\"article:modified_time\" content=\"2023-06-06T14:12:28+00:00\" \/>\n<meta property=\"og:image\" content=\"https:\/\/kornrasetnarkmun.com\/wp-content\/uploads\/2023\/05\/06_Prometheus-683x1024.jpg\" \/>\n<meta name=\"twitter:card\" content=\"summary_large_image\" \/>\n<meta name=\"twitter:label1\" content=\"Est. reading time\" \/>\n\t<meta name=\"twitter:data1\" content=\"1 minute\" \/>\n<script type=\"application\/ld+json\" class=\"yoast-schema-graph\">{\"@context\":\"https:\/\/schema.org\",\"@graph\":[{\"@type\":\"WebPage\",\"@id\":\"https:\/\/kornrasetnarkmun.com\/index.php\/waldbrand-kantate\/\",\"url\":\"https:\/\/kornrasetnarkmun.com\/index.php\/waldbrand-kantate\/\",\"name\":\"Waldbrand-Kantate - Kornraset Narkmun\",\"isPartOf\":{\"@id\":\"https:\/\/kornrasetnarkmun.com\/#website\"},\"primaryImageOfPage\":{\"@id\":\"https:\/\/kornrasetnarkmun.com\/index.php\/waldbrand-kantate\/#primaryimage\"},\"image\":{\"@id\":\"https:\/\/kornrasetnarkmun.com\/index.php\/waldbrand-kantate\/#primaryimage\"},\"thumbnailUrl\":\"https:\/\/kornrasetnarkmun.com\/wp-content\/uploads\/2023\/05\/06_Prometheus-683x1024.jpg\",\"datePublished\":\"2022-10-17T03:18:33+00:00\",\"dateModified\":\"2023-06-06T14:12:28+00:00\",\"breadcrumb\":{\"@id\":\"https:\/\/kornrasetnarkmun.com\/index.php\/waldbrand-kantate\/#breadcrumb\"},\"inLanguage\":\"en-US\",\"potentialAction\":[{\"@type\":\"ReadAction\",\"target\":[\"https:\/\/kornrasetnarkmun.com\/index.php\/waldbrand-kantate\/\"]}]},{\"@type\":\"ImageObject\",\"inLanguage\":\"en-US\",\"@id\":\"https:\/\/kornrasetnarkmun.com\/index.php\/waldbrand-kantate\/#primaryimage\",\"url\":\"https:\/\/kornrasetnarkmun.com\/wp-content\/uploads\/2023\/05\/06_Prometheus-scaled.jpg\",\"contentUrl\":\"https:\/\/kornrasetnarkmun.com\/wp-content\/uploads\/2023\/05\/06_Prometheus-scaled.jpg\",\"width\":1707,\"height\":2560},{\"@type\":\"BreadcrumbList\",\"@id\":\"https:\/\/kornrasetnarkmun.com\/index.php\/waldbrand-kantate\/#breadcrumb\",\"itemListElement\":[{\"@type\":\"ListItem\",\"position\":1,\"name\":\"Home\",\"item\":\"https:\/\/kornrasetnarkmun.com\/\"},{\"@type\":\"ListItem\",\"position\":2,\"name\":\"Waldbrand-Kantate\"}]},{\"@type\":\"WebSite\",\"@id\":\"https:\/\/kornrasetnarkmun.com\/#website\",\"url\":\"https:\/\/kornrasetnarkmun.com\/\",\"name\":\"Kornraset Narkmun\",\"description\":\"Jonas Ensemble\",\"publisher\":{\"@id\":\"https:\/\/kornrasetnarkmun.com\/#organization\"},\"potentialAction\":[{\"@type\":\"SearchAction\",\"target\":{\"@type\":\"EntryPoint\",\"urlTemplate\":\"https:\/\/kornrasetnarkmun.com\/?s={search_term_string}\"},\"query-input\":\"required name=search_term_string\"}],\"inLanguage\":\"en-US\"},{\"@type\":\"Organization\",\"@id\":\"https:\/\/kornrasetnarkmun.com\/#organization\",\"name\":\"Ensemble der schmerzhaften Mutter\",\"url\":\"https:\/\/kornrasetnarkmun.com\/\",\"logo\":{\"@type\":\"ImageObject\",\"inLanguage\":\"en-US\",\"@id\":\"https:\/\/kornrasetnarkmun.com\/#\/schema\/logo\/image\/\",\"url\":\"https:\/\/kornrasetnarkmun.com\/wp-content\/uploads\/2022\/02\/Kornraset-Narkmun-1-1024x683.jpg\",\"contentUrl\":\"https:\/\/kornrasetnarkmun.com\/wp-content\/uploads\/2022\/02\/Kornraset-Narkmun-1-1024x683.jpg\",\"width\":1024,\"height\":683,\"caption\":\"Ensemble der schmerzhaften Mutter\"},\"image\":{\"@id\":\"https:\/\/kornrasetnarkmun.com\/#\/schema\/logo\/image\/\"},\"sameAs\":[\"https:\/\/www.facebook.com\/kornraset\/\",\"https:\/\/www.instagram.com\/pian_oman\/\"]}]}<\/script>\n<!-- \/ Yoast SEO plugin. -->","yoast_head_json":{"title":"Waldbrand-Kantate - Kornraset Narkmun","robots":{"index":"index","follow":"follow","max-snippet":"max-snippet:-1","max-image-preview":"max-image-preview:large","max-video-preview":"max-video-preview:-1"},"canonical":"https:\/\/kornrasetnarkmun.com\/index.php\/waldbrand-kantate\/","og_locale":"en_US","og_type":"article","og_title":"Waldbrand-Kantate - Kornraset Narkmun","og_description":"b\u00e4ume, braun und nackt, stehenwie vogelscheuchen, wie friedhofskreuze zerfressen, aufgereiht am hang staubtrockenbereitzur ein\u00e4scherung. Barock-Musik verwebt sich mitzeitgen\u00f6ssischen Kl\u00e4ngen und Gedichten von Jakob Nillerzu einer nachdenklichen k\u00fcnstlerischen Intervention im Kirchenraumzur Klimakrise und der Beziehung zwischen Mensch und Natur. Besetzung 02.06, 04.06 Elisabeth Stemberg, 07.06 Paul\u00edna Bedn\u00e1rikov\u00e1 &#8211; Engel\/NympheBurcu Melis Demiray &#8211; NympheAndrej Glavan &#8211; FeuerPaul [&hellip;]","og_url":"https:\/\/kornrasetnarkmun.com\/index.php\/waldbrand-kantate\/","og_site_name":"Kornraset Narkmun","article_publisher":"https:\/\/www.facebook.com\/kornraset\/","article_modified_time":"2023-06-06T14:12:28+00:00","og_image":[{"url":"https:\/\/kornrasetnarkmun.com\/wp-content\/uploads\/2023\/05\/06_Prometheus-683x1024.jpg"}],"twitter_card":"summary_large_image","twitter_misc":{"Est. reading time":"1 minute"},"schema":{"@context":"https:\/\/schema.org","@graph":[{"@type":"WebPage","@id":"https:\/\/kornrasetnarkmun.com\/index.php\/waldbrand-kantate\/","url":"https:\/\/kornrasetnarkmun.com\/index.php\/waldbrand-kantate\/","name":"Waldbrand-Kantate - Kornraset Narkmun","isPartOf":{"@id":"https:\/\/kornrasetnarkmun.com\/#website"},"primaryImageOfPage":{"@id":"https:\/\/kornrasetnarkmun.com\/index.php\/waldbrand-kantate\/#primaryimage"},"image":{"@id":"https:\/\/kornrasetnarkmun.com\/index.php\/waldbrand-kantate\/#primaryimage"},"thumbnailUrl":"https:\/\/kornrasetnarkmun.com\/wp-content\/uploads\/2023\/05\/06_Prometheus-683x1024.jpg","datePublished":"2022-10-17T03:18:33+00:00","dateModified":"2023-06-06T14:12:28+00:00","breadcrumb":{"@id":"https:\/\/kornrasetnarkmun.com\/index.php\/waldbrand-kantate\/#breadcrumb"},"inLanguage":"en-US","potentialAction":[{"@type":"ReadAction","target":["https:\/\/kornrasetnarkmun.com\/index.php\/waldbrand-kantate\/"]}]},{"@type":"ImageObject","inLanguage":"en-US","@id":"https:\/\/kornrasetnarkmun.com\/index.php\/waldbrand-kantate\/#primaryimage","url":"https:\/\/kornrasetnarkmun.com\/wp-content\/uploads\/2023\/05\/06_Prometheus-scaled.jpg","contentUrl":"https:\/\/kornrasetnarkmun.com\/wp-content\/uploads\/2023\/05\/06_Prometheus-scaled.jpg","width":1707,"height":2560},{"@type":"BreadcrumbList","@id":"https:\/\/kornrasetnarkmun.com\/index.php\/waldbrand-kantate\/#breadcrumb","itemListElement":[{"@type":"ListItem","position":1,"name":"Home","item":"https:\/\/kornrasetnarkmun.com\/"},{"@type":"ListItem","position":2,"name":"Waldbrand-Kantate"}]},{"@type":"WebSite","@id":"https:\/\/kornrasetnarkmun.com\/#website","url":"https:\/\/kornrasetnarkmun.com\/","name":"Kornraset Narkmun","description":"Jonas Ensemble","publisher":{"@id":"https:\/\/kornrasetnarkmun.com\/#organization"},"potentialAction":[{"@type":"SearchAction","target":{"@type":"EntryPoint","urlTemplate":"https:\/\/kornrasetnarkmun.com\/?s={search_term_string}"},"query-input":"required name=search_term_string"}],"inLanguage":"en-US"},{"@type":"Organization","@id":"https:\/\/kornrasetnarkmun.com\/#organization","name":"Ensemble der schmerzhaften Mutter","url":"https:\/\/kornrasetnarkmun.com\/","logo":{"@type":"ImageObject","inLanguage":"en-US","@id":"https:\/\/kornrasetnarkmun.com\/#\/schema\/logo\/image\/","url":"https:\/\/kornrasetnarkmun.com\/wp-content\/uploads\/2022\/02\/Kornraset-Narkmun-1-1024x683.jpg","contentUrl":"https:\/\/kornrasetnarkmun.com\/wp-content\/uploads\/2022\/02\/Kornraset-Narkmun-1-1024x683.jpg","width":1024,"height":683,"caption":"Ensemble der schmerzhaften Mutter"},"image":{"@id":"https:\/\/kornrasetnarkmun.com\/#\/schema\/logo\/image\/"},"sameAs":["https:\/\/www.facebook.com\/kornraset\/","https:\/\/www.instagram.com\/pian_oman\/"]}]}},"_links":{"self":[{"href":"https:\/\/kornrasetnarkmun.com\/index.php\/wp-json\/wp\/v2\/pages\/721","targetHints":{"allow":["GET"]}}],"collection":[{"href":"https:\/\/kornrasetnarkmun.com\/index.php\/wp-json\/wp\/v2\/pages"}],"about":[{"href":"https:\/\/kornrasetnarkmun.com\/index.php\/wp-json\/wp\/v2\/types\/page"}],"author":[{"embeddable":true,"href":"https:\/\/kornrasetnarkmun.com\/index.php\/wp-json\/wp\/v2\/users\/1"}],"replies":[{"embeddable":true,"href":"https:\/\/kornrasetnarkmun.com\/index.php\/wp-json\/wp\/v2\/comments?post=721"}],"version-history":[{"count":17,"href":"https:\/\/kornrasetnarkmun.com\/index.php\/wp-json\/wp\/v2\/pages\/721\/revisions"}],"predecessor-version":[{"id":1098,"href":"https:\/\/kornrasetnarkmun.com\/index.php\/wp-json\/wp\/v2\/pages\/721\/revisions\/1098"}],"wp:attachment":[{"href":"https:\/\/kornrasetnarkmun.com\/index.php\/wp-json\/wp\/v2\/media?parent=721"}],"curies":[{"name":"wp","href":"https:\/\/api.w.org\/{rel}","templated":true}]}}