{"id":814,"date":"2022-11-20T16:09:47","date_gmt":"2022-11-20T16:09:47","guid":{"rendered":"https:\/\/kornrasetnarkmun.com\/?page_id=814"},"modified":"2023-03-27T01:31:54","modified_gmt":"2023-03-27T01:31:54","slug":"environmentalprojekt-crossover","status":"publish","type":"page","link":"https:\/\/kornrasetnarkmun.com\/index.php\/environmentalprojekt-crossover\/","title":{"rendered":"EnvironmentalProjekt-Crossover"},"content":{"rendered":"\n<figure class=\"wp-block-embed is-type-video is-provider-youtube wp-block-embed-youtube wp-embed-aspect-16-9 wp-has-aspect-ratio\"><div class=\"wp-block-embed__wrapper\">\n<iframe loading=\"lazy\" title=\"Clay Light Sound - Live Performance\" width=\"640\" height=\"360\" src=\"https:\/\/www.youtube.com\/embed\/tjfhk65WWbE?feature=oembed\" frameborder=\"0\" allow=\"accelerometer; autoplay; clipboard-write; encrypted-media; gyroscope; picture-in-picture; web-share\" referrerpolicy=\"strict-origin-when-cross-origin\" allowfullscreen><\/iframe>\n<\/div><\/figure>\n\n\n\n<p>Live-Secession Klang und Ton von <a href=\"https:\/\/soundcloud.com\/zek-sebesy\">Zek\u0151 Sebesy<\/a> und <a href=\"https:\/\/www.jacobbartmann.at\/\">Jacob Bartmann<\/a><\/p>\n\n\n\n<p class=\"has-small-font-size\">Das Projekt von Zek\u0151 Sebesy und Sibel Koschinksi ist das Ergebnis einer Konversation zwischen zwei Kunstformen, der Musik und der Malerei. Im Zentrum davon steht das Konzept der Natur. Zek\u0151 Sebesy komponierte das Fundament des Musikst\u00fcckes bestehend aus Kl\u00e4ngen der Natur, worauf er mit seinen Kollegen Jonat\u00e1n Jakabovics (Moz) und Erik Kom\u00e1rmi (Gy\u0151r) improvisierte. Das entstandene Rohmaterial wurde mit selbst aufgenommenen und teilweise gesampleten Naturkl\u00e4ngen zusammengeschnitten. Dieses Musikst\u00fcck wurde an die Malerin Sibel Koschinksi weitergegeben, welche sie als Malerei interpretierte. Dazu nutzte sie Steinfarben. Diese Malerei erhielt er, der das Kunstwerk wiederum als Musikinterpretierte. So entstand eine anhaltende Konversation \u00fcber die verschiedenen K\u00fcnste, welche unterschiedliche Interpretationsformender Natur und ihre Erscheinungen ins Zentrum stellt.<\/p>\n\n\n\n<p><\/p>\n","protected":false},"excerpt":{"rendered":"<p>Live-Secession Klang und Ton von Zek\u0151 Sebesy und Jacob Bartmann Das Projekt von Zek\u0151 Sebesy und Sibel Koschinksi ist das Ergebnis einer Konversation zwischen zwei Kunstformen, der Musik und der Malerei. Im Zentrum davon steht das Konzept der Natur. Zek\u0151 Sebesy komponierte das Fundament des Musikst\u00fcckes bestehend aus Kl\u00e4ngen der Natur, worauf er mit seinen [&hellip;]<\/p>\n","protected":false},"author":1,"featured_media":0,"parent":0,"menu_order":0,"comment_status":"closed","ping_status":"closed","template":"","meta":{"_monsterinsights_skip_tracking":false,"_monsterinsights_sitenote_active":false,"_monsterinsights_sitenote_note":"","_monsterinsights_sitenote_category":0,"footnotes":""},"class_list":["post-814","page","type-page","status-publish","hentry","entry"],"aioseo_notices":[],"yoast_head":"<!-- This site is optimized with the Yoast SEO plugin v22.6 - https:\/\/yoast.com\/wordpress\/plugins\/seo\/ -->\n<title>EnvironmentalProjekt-Crossover - Kornraset Narkmun<\/title>\n<meta name=\"robots\" content=\"index, follow, max-snippet:-1, max-image-preview:large, max-video-preview:-1\" \/>\n<link rel=\"canonical\" href=\"https:\/\/kornrasetnarkmun.com\/index.php\/environmentalprojekt-crossover\/\" \/>\n<meta property=\"og:locale\" content=\"en_US\" \/>\n<meta property=\"og:type\" content=\"article\" \/>\n<meta property=\"og:title\" content=\"EnvironmentalProjekt-Crossover - Kornraset Narkmun\" \/>\n<meta property=\"og:description\" content=\"Live-Secession Klang und Ton von Zek\u0151 Sebesy und Jacob Bartmann Das Projekt von Zek\u0151 Sebesy und Sibel Koschinksi ist das Ergebnis einer Konversation zwischen zwei Kunstformen, der Musik und der Malerei. Im Zentrum davon steht das Konzept der Natur. Zek\u0151 Sebesy komponierte das Fundament des Musikst\u00fcckes bestehend aus Kl\u00e4ngen der Natur, worauf er mit seinen [&hellip;]\" \/>\n<meta property=\"og:url\" content=\"https:\/\/kornrasetnarkmun.com\/index.php\/environmentalprojekt-crossover\/\" \/>\n<meta property=\"og:site_name\" content=\"Kornraset Narkmun\" \/>\n<meta property=\"article:publisher\" content=\"https:\/\/www.facebook.com\/kornraset\/\" \/>\n<meta property=\"article:modified_time\" content=\"2023-03-27T01:31:54+00:00\" \/>\n<meta name=\"twitter:card\" content=\"summary_large_image\" \/>\n<meta name=\"twitter:label1\" content=\"Est. reading time\" \/>\n\t<meta name=\"twitter:data1\" content=\"1 minute\" \/>\n<script type=\"application\/ld+json\" class=\"yoast-schema-graph\">{\"@context\":\"https:\/\/schema.org\",\"@graph\":[{\"@type\":\"WebPage\",\"@id\":\"https:\/\/kornrasetnarkmun.com\/index.php\/environmentalprojekt-crossover\/\",\"url\":\"https:\/\/kornrasetnarkmun.com\/index.php\/environmentalprojekt-crossover\/\",\"name\":\"EnvironmentalProjekt-Crossover - Kornraset Narkmun\",\"isPartOf\":{\"@id\":\"https:\/\/kornrasetnarkmun.com\/#website\"},\"datePublished\":\"2022-11-20T16:09:47+00:00\",\"dateModified\":\"2023-03-27T01:31:54+00:00\",\"breadcrumb\":{\"@id\":\"https:\/\/kornrasetnarkmun.com\/index.php\/environmentalprojekt-crossover\/#breadcrumb\"},\"inLanguage\":\"en-US\",\"potentialAction\":[{\"@type\":\"ReadAction\",\"target\":[\"https:\/\/kornrasetnarkmun.com\/index.php\/environmentalprojekt-crossover\/\"]}]},{\"@type\":\"BreadcrumbList\",\"@id\":\"https:\/\/kornrasetnarkmun.com\/index.php\/environmentalprojekt-crossover\/#breadcrumb\",\"itemListElement\":[{\"@type\":\"ListItem\",\"position\":1,\"name\":\"Home\",\"item\":\"https:\/\/kornrasetnarkmun.com\/\"},{\"@type\":\"ListItem\",\"position\":2,\"name\":\"EnvironmentalProjekt-Crossover\"}]},{\"@type\":\"WebSite\",\"@id\":\"https:\/\/kornrasetnarkmun.com\/#website\",\"url\":\"https:\/\/kornrasetnarkmun.com\/\",\"name\":\"Kornraset Narkmun\",\"description\":\"Jonas Ensemble\",\"publisher\":{\"@id\":\"https:\/\/kornrasetnarkmun.com\/#organization\"},\"potentialAction\":[{\"@type\":\"SearchAction\",\"target\":{\"@type\":\"EntryPoint\",\"urlTemplate\":\"https:\/\/kornrasetnarkmun.com\/?s={search_term_string}\"},\"query-input\":\"required name=search_term_string\"}],\"inLanguage\":\"en-US\"},{\"@type\":\"Organization\",\"@id\":\"https:\/\/kornrasetnarkmun.com\/#organization\",\"name\":\"Ensemble der schmerzhaften Mutter\",\"url\":\"https:\/\/kornrasetnarkmun.com\/\",\"logo\":{\"@type\":\"ImageObject\",\"inLanguage\":\"en-US\",\"@id\":\"https:\/\/kornrasetnarkmun.com\/#\/schema\/logo\/image\/\",\"url\":\"https:\/\/kornrasetnarkmun.com\/wp-content\/uploads\/2022\/02\/Kornraset-Narkmun-1-1024x683.jpg\",\"contentUrl\":\"https:\/\/kornrasetnarkmun.com\/wp-content\/uploads\/2022\/02\/Kornraset-Narkmun-1-1024x683.jpg\",\"width\":1024,\"height\":683,\"caption\":\"Ensemble der schmerzhaften Mutter\"},\"image\":{\"@id\":\"https:\/\/kornrasetnarkmun.com\/#\/schema\/logo\/image\/\"},\"sameAs\":[\"https:\/\/www.facebook.com\/kornraset\/\",\"https:\/\/www.instagram.com\/pian_oman\/\"]}]}<\/script>\n<!-- \/ Yoast SEO plugin. -->","yoast_head_json":{"title":"EnvironmentalProjekt-Crossover - Kornraset Narkmun","robots":{"index":"index","follow":"follow","max-snippet":"max-snippet:-1","max-image-preview":"max-image-preview:large","max-video-preview":"max-video-preview:-1"},"canonical":"https:\/\/kornrasetnarkmun.com\/index.php\/environmentalprojekt-crossover\/","og_locale":"en_US","og_type":"article","og_title":"EnvironmentalProjekt-Crossover - Kornraset Narkmun","og_description":"Live-Secession Klang und Ton von Zek\u0151 Sebesy und Jacob Bartmann Das Projekt von Zek\u0151 Sebesy und Sibel Koschinksi ist das Ergebnis einer Konversation zwischen zwei Kunstformen, der Musik und der Malerei. Im Zentrum davon steht das Konzept der Natur. Zek\u0151 Sebesy komponierte das Fundament des Musikst\u00fcckes bestehend aus Kl\u00e4ngen der Natur, worauf er mit seinen [&hellip;]","og_url":"https:\/\/kornrasetnarkmun.com\/index.php\/environmentalprojekt-crossover\/","og_site_name":"Kornraset Narkmun","article_publisher":"https:\/\/www.facebook.com\/kornraset\/","article_modified_time":"2023-03-27T01:31:54+00:00","twitter_card":"summary_large_image","twitter_misc":{"Est. reading time":"1 minute"},"schema":{"@context":"https:\/\/schema.org","@graph":[{"@type":"WebPage","@id":"https:\/\/kornrasetnarkmun.com\/index.php\/environmentalprojekt-crossover\/","url":"https:\/\/kornrasetnarkmun.com\/index.php\/environmentalprojekt-crossover\/","name":"EnvironmentalProjekt-Crossover - Kornraset Narkmun","isPartOf":{"@id":"https:\/\/kornrasetnarkmun.com\/#website"},"datePublished":"2022-11-20T16:09:47+00:00","dateModified":"2023-03-27T01:31:54+00:00","breadcrumb":{"@id":"https:\/\/kornrasetnarkmun.com\/index.php\/environmentalprojekt-crossover\/#breadcrumb"},"inLanguage":"en-US","potentialAction":[{"@type":"ReadAction","target":["https:\/\/kornrasetnarkmun.com\/index.php\/environmentalprojekt-crossover\/"]}]},{"@type":"BreadcrumbList","@id":"https:\/\/kornrasetnarkmun.com\/index.php\/environmentalprojekt-crossover\/#breadcrumb","itemListElement":[{"@type":"ListItem","position":1,"name":"Home","item":"https:\/\/kornrasetnarkmun.com\/"},{"@type":"ListItem","position":2,"name":"EnvironmentalProjekt-Crossover"}]},{"@type":"WebSite","@id":"https:\/\/kornrasetnarkmun.com\/#website","url":"https:\/\/kornrasetnarkmun.com\/","name":"Kornraset Narkmun","description":"Jonas Ensemble","publisher":{"@id":"https:\/\/kornrasetnarkmun.com\/#organization"},"potentialAction":[{"@type":"SearchAction","target":{"@type":"EntryPoint","urlTemplate":"https:\/\/kornrasetnarkmun.com\/?s={search_term_string}"},"query-input":"required name=search_term_string"}],"inLanguage":"en-US"},{"@type":"Organization","@id":"https:\/\/kornrasetnarkmun.com\/#organization","name":"Ensemble der schmerzhaften Mutter","url":"https:\/\/kornrasetnarkmun.com\/","logo":{"@type":"ImageObject","inLanguage":"en-US","@id":"https:\/\/kornrasetnarkmun.com\/#\/schema\/logo\/image\/","url":"https:\/\/kornrasetnarkmun.com\/wp-content\/uploads\/2022\/02\/Kornraset-Narkmun-1-1024x683.jpg","contentUrl":"https:\/\/kornrasetnarkmun.com\/wp-content\/uploads\/2022\/02\/Kornraset-Narkmun-1-1024x683.jpg","width":1024,"height":683,"caption":"Ensemble der schmerzhaften Mutter"},"image":{"@id":"https:\/\/kornrasetnarkmun.com\/#\/schema\/logo\/image\/"},"sameAs":["https:\/\/www.facebook.com\/kornraset\/","https:\/\/www.instagram.com\/pian_oman\/"]}]}},"_links":{"self":[{"href":"https:\/\/kornrasetnarkmun.com\/index.php\/wp-json\/wp\/v2\/pages\/814","targetHints":{"allow":["GET"]}}],"collection":[{"href":"https:\/\/kornrasetnarkmun.com\/index.php\/wp-json\/wp\/v2\/pages"}],"about":[{"href":"https:\/\/kornrasetnarkmun.com\/index.php\/wp-json\/wp\/v2\/types\/page"}],"author":[{"embeddable":true,"href":"https:\/\/kornrasetnarkmun.com\/index.php\/wp-json\/wp\/v2\/users\/1"}],"replies":[{"embeddable":true,"href":"https:\/\/kornrasetnarkmun.com\/index.php\/wp-json\/wp\/v2\/comments?post=814"}],"version-history":[{"count":3,"href":"https:\/\/kornrasetnarkmun.com\/index.php\/wp-json\/wp\/v2\/pages\/814\/revisions"}],"predecessor-version":[{"id":947,"href":"https:\/\/kornrasetnarkmun.com\/index.php\/wp-json\/wp\/v2\/pages\/814\/revisions\/947"}],"wp:attachment":[{"href":"https:\/\/kornrasetnarkmun.com\/index.php\/wp-json\/wp\/v2\/media?parent=814"}],"curies":[{"name":"wp","href":"https:\/\/api.w.org\/{rel}","templated":true}]}}